Last updated on 2019-02-23 18:52:38 CET.
Flavor | Version | Tinstall | Tcheck | Ttotal | Status | Flags |
---|---|---|---|---|---|---|
r-devel-linux-x86_64-debian-clang | 2.2-14 | 37.63 | 81.41 | 119.04 | OK | |
r-devel-linux-x86_64-debian-gcc | 2.2-14 | 30.43 | 60.32 | 90.75 | OK | |
r-devel-linux-x86_64-fedora-clang | 2.2-14 | 149.53 | NOTE | |||
r-devel-linux-x86_64-fedora-gcc | 2.2-14 | 136.91 | NOTE | |||
r-devel-windows-ix86+x86_64 | 2.2-14 | 118.00 | 140.00 | 258.00 | OK | |
r-patched-linux-x86_64 | 2.2-14 | 35.98 | 78.63 | 114.61 | OK | |
r-patched-solaris-x86 | 2.2-14 | 212.00 | OK | |||
r-release-linux-x86_64 | 2.2-14 | 35.99 | 79.12 | 115.11 | OK | |
r-release-windows-ix86+x86_64 | 2.2-14 | 117.00 | 139.00 | 256.00 | OK | |
r-release-osx-x86_64 | 2.2-14 | OK | ||||
r-oldrel-windows-ix86+x86_64 | 2.2-14 | 99.00 | 146.00 | 245.00 | OK | |
r-oldrel-osx-x86_64 | 2.2-14 | OK |
Version: 2.2-14
Check: compiled code
Result: NOTE
File ‘ff/libs/ff.so’:
Found no call to: ‘R_useDynamicSymbols’
It is good practice to register native routines and to disable symbol
search.
See ‘Writing portable packages’ in the ‘Writing R Extensions’ manual.
Flavors: r-devel-linux-x86_64-fedora-clang, r-devel-linux-x86_64-fedora-gcc