CRAN Package Check Results for Package ffsimulator

Last updated on 2021-09-22 21:52:39 CEST.

Flavor Version Tinstall Tcheck Ttotal Status Flags
r-devel-linux-x86_64-debian-clang 1.1.0 6.03 65.39 71.42 OK
r-devel-linux-x86_64-debian-gcc 1.1.0 5.64 49.19 54.83 OK
r-devel-linux-x86_64-fedora-clang 1.1.0 91.48 OK
r-devel-linux-x86_64-fedora-gcc 1.1.0 80.83 OK
r-devel-windows-x86_64 1.1.0 9.00 64.00 73.00 OK
r-devel-windows-x86_64-gcc10-UCRT 1.1.0 ERROR
r-patched-linux-x86_64 1.1.0 7.75 60.70 68.45 OK
r-patched-solaris-x86 1.1.0 93.80 OK
r-release-linux-x86_64 1.1.0 7.37 61.13 68.50 OK
r-release-macos-arm64 1.1.0 OK
r-release-macos-x86_64 1.1.0 OK
r-release-windows-ix86+x86_64 1.1.0 13.00 73.00 86.00 OK
r-oldrel-macos-x86_64 1.1.0 OK
r-oldrel-windows-ix86+x86_64 1.1.0 11.00 65.00 76.00 OK

Check Details

Version: 1.1.0
Check: package dependencies
Result: ERROR
    Packages required but not available: 'ffscrapr', 'nflreadr'
    
    Package suggested but not available for checking: 'vdiffr'
    
    See section 'The DESCRIPTION file' in the 'Writing R Extensions'
    manual.
Flavor: r-devel-windows-x86_64-gcc10-UCRT