Last updated on 2021-04-19 04:51:24 CEST.
Flavor | Version | Tinstall | Tcheck | Ttotal | Status | Flags |
---|---|---|---|---|---|---|
r-devel-linux-x86_64-debian-clang | 1.0 | 10.83 | 96.73 | 107.56 | NOTE | |
r-devel-linux-x86_64-debian-gcc | 1.0 | 8.62 | 72.56 | 81.18 | NOTE | |
r-devel-linux-x86_64-fedora-clang | 1.0 | 139.68 | NOTE | |||
r-devel-linux-x86_64-fedora-gcc | 1.0 | 123.17 | NOTE | |||
r-devel-windows-ix86+x86_64 | 1.0 | 18.00 | 83.00 | 101.00 | NOTE | |
r-devel-windows-x86_64-gcc10-UCRT | 1.0 | NOTE | ||||
r-patched-linux-x86_64 | 1.0 | 10.38 | 88.74 | 99.12 | OK | |
r-patched-solaris-x86 | 1.0 | 191.80 | OK | |||
r-release-linux-x86_64 | 1.0 | 10.06 | 88.60 | 98.66 | OK | |
r-release-macos-x86_64 | 1.0 | OK | ||||
r-release-windows-ix86+x86_64 | 1.0 | 28.00 | 94.00 | 122.00 | OK | |
r-oldrel-macos-x86_64 | 1.0 | OK | ||||
r-oldrel-windows-ix86+x86_64 | 1.0 | 17.00 | 114.00 | 131.00 | OK |
Version: 1.0
Check: LazyData
Result: NOTE
'LazyData' is specified without a 'data' directory
Flavors: r-devel-linux-x86_64-debian-clang, r-devel-linux-x86_64-debian-gcc, r-devel-linux-x86_64-fedora-clang, r-devel-linux-x86_64-fedora-gcc, r-devel-windows-ix86+x86_64, r-devel-windows-x86_64-gcc10-UCRT