CRAN Package Check Results for Package fic

Last updated on 2019-06-16 02:47:59 CEST.

Flavor Version Tinstall Tcheck Ttotal Status Flags
r-devel-linux-x86_64-debian-clang 1.0.0 8.39 163.40 171.79 OK
r-devel-linux-x86_64-debian-gcc 1.0.0 8.17 124.51 132.68 OK
r-devel-linux-x86_64-fedora-clang 1.0.0 207.37 NOTE
r-devel-linux-x86_64-fedora-gcc 1.0.0 198.95 NOTE
r-devel-windows-ix86+x86_64 1.0.0 28.00 287.00 315.00 OK
r-patched-linux-x86_64 1.0.0 9.40 156.79 166.19 OK
r-patched-solaris-x86 1.0.0 293.20 NOTE
r-release-linux-x86_64 1.0.0 10.39 157.54 167.93 OK
r-release-windows-ix86+x86_64 1.0.0 19.00 284.00 303.00 OK
r-release-osx-x86_64 1.0.0 NOTE
r-oldrel-windows-ix86+x86_64 1.0.0 14.00 277.00 291.00 OK
r-oldrel-osx-x86_64 1.0.0 NOTE

Check Details

Version: 1.0.0
Check: dependencies in R code
Result: NOTE
    Namespace in Imports field not imported from: ‘numDeriv’
     All declared Imports should be used.
Flavors: r-devel-linux-x86_64-fedora-clang, r-devel-linux-x86_64-fedora-gcc, r-patched-solaris-x86, r-release-osx-x86_64, r-oldrel-osx-x86_64