CRAN Package Check Results for Package fic

Last updated on 2019-08-19 11:49:02 CEST.

Flavor Version Tinstall Tcheck Ttotal Status Flags
r-devel-linux-x86_64-debian-clang 1.0.0 9.49 163.96 173.45 OK
r-devel-linux-x86_64-debian-gcc 1.0.0 8.60 126.01 134.61 OK
r-devel-linux-x86_64-fedora-clang 1.0.0 209.37 NOTE
r-devel-linux-x86_64-fedora-gcc 1.0.0 207.44 NOTE
r-devel-windows-ix86+x86_64 1.0.0 26.00 284.00 310.00 OK
r-patched-linux-x86_64 1.0.0 8.26 158.47 166.73 OK
r-patched-solaris-x86 1.0.0 295.70 NOTE
r-release-linux-x86_64 1.0.0 8.87 158.58 167.45 OK
r-release-windows-ix86+x86_64 1.0.0 19.00 188.00 207.00 OK
r-release-osx-x86_64 1.0.0 NOTE
r-oldrel-windows-ix86+x86_64 1.0.0 17.00 245.00 262.00 OK
r-oldrel-osx-x86_64 1.0.0 NOTE

Check Details

Version: 1.0.0
Check: dependencies in R code
Result: NOTE
    Namespace in Imports field not imported from: ‘numDeriv’
     All declared Imports should be used.
Flavors: r-devel-linux-x86_64-fedora-clang, r-devel-linux-x86_64-fedora-gcc, r-patched-solaris-x86, r-release-osx-x86_64, r-oldrel-osx-x86_64