CRAN Package Check Results for Package fic

Last updated on 2020-07-16 18:50:39 CEST.

Flavor Version Tinstall Tcheck Ttotal Status Flags
r-devel-linux-x86_64-debian-clang 1.0.0 9.45 180.53 189.98 OK
r-devel-linux-x86_64-debian-gcc 1.0.0 8.44 135.31 143.75 OK
r-devel-linux-x86_64-fedora-clang 1.0.0 234.10 NOTE
r-devel-linux-x86_64-fedora-gcc 1.0.0 230.74 NOTE
r-devel-windows-ix86+x86_64 1.0.0 34.00 293.00 327.00 OK
r-patched-linux-x86_64 1.0.0 10.74 172.76 183.50 OK
r-patched-solaris-x86 1.0.0 299.70 NOTE
r-release-linux-x86_64 1.0.0 10.22 171.54 181.76 OK
r-release-windows-ix86+x86_64 1.0.0 38.00 211.00 249.00 OK
r-oldrel-macos-x86_64 1.0.0 NOTE
r-oldrel-windows-ix86+x86_64 1.0.0 27.00 281.00 308.00 OK

Check Details

Version: 1.0.0
Check: dependencies in R code
Result: NOTE
    Namespace in Imports field not imported from: ‘numDeriv’
     All declared Imports should be used.
Flavors: r-devel-linux-x86_64-fedora-clang, r-devel-linux-x86_64-fedora-gcc, r-patched-solaris-x86, r-oldrel-macos-x86_64