Last updated on 2023-11-29 13:52:14 CET.
Flavor | Version | Tinstall | Tcheck | Ttotal | Status | Flags |
---|---|---|---|---|---|---|
r-devel-linux-x86_64-debian-clang | 15.2 | 19.59 | 261.70 | 281.29 | NOTE | |
r-devel-linux-x86_64-debian-gcc | 15.2 | 19.26 | 192.68 | 211.94 | NOTE | |
r-devel-linux-x86_64-fedora-clang | 15.2 | 350.38 | OK | |||
r-devel-linux-x86_64-fedora-gcc | 15.2 | 336.73 | OK | |||
r-devel-windows-x86_64 | 15.2 | 23.00 | 234.00 | 257.00 | OK | |
r-patched-linux-x86_64 | 15.2 | 27.39 | 251.89 | 279.28 | OK | |
r-release-linux-x86_64 | 15.2 | 23.77 | 249.18 | 272.95 | OK | |
r-release-macos-arm64 | 15.2 | 99.00 | OK | |||
r-release-macos-x86_64 | 15.2 | 219.00 | OK | |||
r-release-windows-x86_64 | 15.2 | 30.00 | 284.00 | 314.00 | OK | |
r-oldrel-macos-arm64 | 15.2 | 93.00 | OK | |||
r-oldrel-macos-x86_64 | 15.2 | 133.00 | OK | |||
r-oldrel-windows-x86_64 | 15.2 | 30.00 | 280.00 | 310.00 | OK |
Version: 15.2
Check: Rd files
Result: NOTE
checkRd: (-1) FORTRAN.internal.Rd:50: Lost braces
50 | \item{evlpoly}{evaluates a univariate polynomial. See code{fields.evlpoly}}
| ^
checkRd: (-1) FORTRAN.internal.Rd:51: Lost braces
51 | \item{evlpoly2}{ evaluates a multivariate polynomial. See code{fields.evlpoly2}}
| ^
checkRd: (-1) registeredC.Rd:77: Lost braces
77 | \item{addToDiagC}{ adds diagonal elements to a matrix. See code{mKrig}.}
| ^
checkRd: (-1) sim.Krig.Rd:200-221: Lost braces
200 | \code{simLocal.spatialProcess}{This function is
| ^
checkRd: (-1) tim.colors.Rd:96: Lost braces
96 | \item{\dots}{Additional plotting arguments to code{image.plot}}
| ^
Flavors: r-devel-linux-x86_64-debian-clang, r-devel-linux-x86_64-debian-gcc