CRAN Package Check Results for Package filearray

Last updated on 2021-10-16 17:50:29 CEST.

Flavor Version Tinstall Tcheck Ttotal Status Flags
r-devel-linux-x86_64-debian-clang 0.1.1 98.59 614.12 712.71 OK
r-devel-linux-x86_64-debian-gcc 0.1.1 70.68 383.82 454.50 OK
r-devel-linux-x86_64-fedora-clang 0.1.1 826.93 OK
r-devel-linux-x86_64-fedora-gcc 0.1.1 812.51 OK
r-devel-windows-x86_64 0.1.1 126.00 508.00 634.00 OK
r-devel-windows-x86_64-gcc10-UCRT 0.1.1 OK
r-patched-linux-x86_64 0.1.1 82.46 560.10 642.56 OK
r-patched-solaris-x86 0.1.1 1078.20 OK
r-release-linux-x86_64 0.1.1 87.29 563.39 650.68 OK
r-release-macos-arm64 0.1.1 OK
r-release-macos-x86_64 0.1.1 OK
r-release-windows-ix86+x86_64 0.1.1 298.00 1271.00 1569.00 OK
r-oldrel-macos-x86_64 0.1.1 WARN
r-oldrel-windows-ix86+x86_64 0.1.1 294.00 1270.00 1564.00 WARN

Check Details

Version: 0.1.1
Check: for code/documentation mismatches
Result: WARN
    Codoc mismatches from documentation object 'apply':
    apply
     Code: function(X, MARGIN, FUN, ...)
     Docs: function(X, MARGIN, FUN, ..., simplify = TRUE)
     Argument names in docs not in code:
     simplify
Flavors: r-oldrel-macos-x86_64, r-oldrel-windows-ix86+x86_64