CRAN Package Check Results for Package files

Last updated on 2021-04-16 20:50:03 CEST.

Flavor Version Tinstall Tcheck Ttotal Status Flags
r-devel-linux-x86_64-debian-clang 0.0.1 1.86 19.73 21.59 NOTE
r-devel-linux-x86_64-debian-gcc 0.0.1 1.38 15.72 17.10 NOTE
r-devel-linux-x86_64-fedora-clang 0.0.1 36.79 NOTE
r-devel-linux-x86_64-fedora-gcc 0.0.1 25.79 NOTE
r-devel-windows-ix86+x86_64 0.0.1 5.00 30.00 35.00 NOTE
r-devel-windows-x86_64-gcc10-UCRT 0.0.1 NOTE
r-patched-linux-x86_64 0.0.1 1.69 18.89 20.58 OK
r-patched-solaris-x86 0.0.1 40.50 OK
r-release-linux-x86_64 0.0.1 1.80 19.42 21.22 OK
r-release-macos-x86_64 0.0.1 OK
r-release-windows-ix86+x86_64 0.0.1 4.00 24.00 28.00 OK
r-oldrel-macos-x86_64 0.0.1 OK
r-oldrel-windows-ix86+x86_64 0.0.1 4.00 34.00 38.00 OK

Check Details

Version: 0.0.1
Check: LazyData
Result: NOTE
     'LazyData' is specified without a 'data' directory
Flavors: r-devel-linux-x86_64-debian-clang, r-devel-linux-x86_64-debian-gcc, r-devel-linux-x86_64-fedora-clang, r-devel-linux-x86_64-fedora-gcc, r-devel-windows-ix86+x86_64, r-devel-windows-x86_64-gcc10-UCRT