Last updated on 2023-03-30 22:54:58 CEST.
Flavor | Version | Tinstall | Tcheck | Ttotal | Status | Flags |
---|---|---|---|---|---|---|
r-devel-linux-x86_64-debian-clang | 0.2.3 | 73.73 | 150.55 | 224.28 | NOTE | |
r-devel-linux-x86_64-debian-gcc | 0.2.3 | 55.58 | 115.31 | 170.89 | NOTE | |
r-devel-linux-x86_64-fedora-clang | 0.2.3 | 304.36 | NOTE | |||
r-devel-linux-x86_64-fedora-gcc | 0.2.3 | 276.68 | NOTE | |||
r-devel-windows-x86_64 | 0.2.3 | 74.00 | 0.00 | 74.00 | NOTE | |
r-patched-linux-x86_64 | 0.2.3 | 59.23 | 143.58 | 202.81 | NOTE | |
r-release-linux-x86_64 | 0.2.3 | 62.08 | 142.79 | 204.87 | OK | |
r-release-macos-arm64 | 0.2.3 | 66.00 | OK | |||
r-release-macos-x86_64 | 0.2.3 | 98.00 | OK | |||
r-release-windows-x86_64 | 0.2.3 | 70.00 | 190.00 | 260.00 | OK | |
r-oldrel-macos-arm64 | 0.2.3 | 70.00 | OK | |||
r-oldrel-macos-x86_64 | 0.2.3 | 99.00 | OK | |||
r-oldrel-windows-ix86+x86_64 | 0.2.3 | 177.00 | 227.00 | 404.00 | OK |
Version: 0.2.3
Check: C++ specification
Result: NOTE
Specified C++11: please drop specification unless essential
Flavors: r-devel-linux-x86_64-debian-clang, r-devel-linux-x86_64-debian-gcc, r-devel-linux-x86_64-fedora-clang, r-devel-linux-x86_64-fedora-gcc, r-devel-windows-x86_64, r-patched-linux-x86_64