CRAN Package Check Results for Package finalfit

Last updated on 2019-09-18 06:49:43 CEST.

Flavor Version Tinstall Tcheck Ttotal Status Flags
r-devel-linux-x86_64-debian-clang 0.9.5 13.61 261.23 274.84 OK
r-devel-linux-x86_64-debian-gcc 0.9.5 12.47 197.22 209.69 OK
r-devel-linux-x86_64-fedora-clang 0.9.5 322.25 NOTE
r-devel-linux-x86_64-fedora-gcc 0.9.5 318.24 NOTE
r-devel-windows-ix86+x86_64 0.9.5 34.00 285.00 319.00 OK
r-patched-linux-x86_64 0.9.5 15.33 250.65 265.98 OK
r-patched-solaris-x86 0.9.5 405.90 NOTE
r-release-linux-x86_64 0.9.5 14.19 253.67 267.86 OK
r-release-windows-ix86+x86_64 0.9.5 25.00 283.00 308.00 OK
r-release-osx-x86_64 0.9.5 NOTE
r-oldrel-windows-ix86+x86_64 0.9.5 28.00 347.00 375.00 OK
r-oldrel-osx-x86_64 0.9.5 NOTE

Check Details

Version: 0.9.5
Check: dependencies in R code
Result: NOTE
    Namespace in Imports field not imported from: ‘readr’
     All declared Imports should be used.
Flavors: r-devel-linux-x86_64-fedora-clang, r-devel-linux-x86_64-fedora-gcc, r-patched-solaris-x86, r-release-osx-x86_64, r-oldrel-osx-x86_64