CRAN Package Check Results for Package finalfit

Last updated on 2021-04-16 00:47:13 CEST.

Flavor Version Tinstall Tcheck Ttotal Status Flags
r-devel-linux-x86_64-debian-clang 1.0.2 14.79 336.73 351.52 OK
r-devel-linux-x86_64-debian-gcc 1.0.2 11.13 250.94 262.07 OK
r-devel-linux-x86_64-fedora-clang 1.0.2 429.36 OK
r-devel-linux-x86_64-fedora-gcc 1.0.2 432.76 OK
r-devel-windows-ix86+x86_64 1.0.2 33.00 418.00 451.00 OK
r-devel-windows-x86_64-gcc10-UCRT 1.0.2 OK
r-patched-linux-x86_64 1.0.2 15.08 330.32 345.40 OK
r-patched-solaris-x86 1.0.2 557.50 NOTE
r-release-linux-x86_64 1.0.2 13.78 325.77 339.55 OK
r-release-macos-x86_64 1.0.2 OK
r-release-windows-ix86+x86_64 1.0.2 33.00 460.00 493.00 OK
r-oldrel-macos-x86_64 1.0.2 OK
r-oldrel-windows-ix86+x86_64 1.0.2 21.00 316.00 337.00 OK

Check Details

Version: 1.0.2
Check: installed package size
Result: NOTE
     installed size is 5.3Mb
     sub-directories of 1Mb or more:
     doc 4.5Mb
Flavor: r-patched-solaris-x86