CRAN Package Check Results for Package findviews

Last updated on 2024-02-28 19:49:35 CET.

Flavor Version Tinstall Tcheck Ttotal Status Flags
r-devel-linux-x86_64-debian-clang 0.1.3 7.17 55.15 62.32 NOTE
r-devel-linux-x86_64-debian-gcc 0.1.3 4.89 41.59 46.48 NOTE
r-devel-linux-x86_64-fedora-clang 0.1.3 77.36 NOTE
r-devel-linux-x86_64-fedora-gcc 0.1.3 72.23 NOTE
r-devel-windows-x86_64 0.1.3 7.00 59.00 66.00 NOTE
r-patched-linux-x86_64 0.1.3 5.98 53.81 59.79 NOTE
r-release-linux-x86_64 0.1.3 5.66 52.89 58.55 NOTE
r-release-macos-arm64 0.1.3 33.00 NOTE
r-release-macos-x86_64 0.1.3 39.00 NOTE
r-release-windows-x86_64 0.1.3 9.00 69.00 78.00 NOTE
r-oldrel-macos-arm64 0.1.3 24.00 NOTE
r-oldrel-windows-x86_64 0.1.3 9.00 72.00 81.00 NOTE

Check Details

Version: 0.1.3
Check: LazyData
Result: NOTE 'LazyData' is specified without a 'data' directory Flavors: r-devel-linux-x86_64-debian-clang, r-devel-linux-x86_64-debian-gcc, r-devel-linux-x86_64-fedora-clang, r-devel-linux-x86_64-fedora-gcc, r-devel-windows-x86_64, r-patched-linux-x86_64, r-release-linux-x86_64, r-release-macos-arm64, r-release-macos-x86_64, r-release-windows-x86_64, r-oldrel-macos-arm64, r-oldrel-windows-x86_64