Last updated on 2023-12-11 13:49:35 CET.
Flavor | Version | Tinstall | Tcheck | Ttotal | Status | Flags |
---|---|---|---|---|---|---|
r-devel-linux-x86_64-debian-clang | 0.1.4.1 | 38.71 | 27.04 | 65.75 | WARN | |
r-devel-linux-x86_64-debian-gcc | 0.1.4.1 | 25.58 | 21.44 | 47.02 | WARN | |
r-devel-linux-x86_64-fedora-clang | 0.1.4.1 | 94.56 | WARN | |||
r-devel-linux-x86_64-fedora-gcc | 0.1.4.1 | 94.06 | WARN | |||
r-devel-windows-x86_64 | 0.1.4.1 | 32.00 | 61.00 | 93.00 | WARN | |
r-patched-linux-x86_64 | 0.1.4.1 | 27.50 | 26.63 | 54.13 | WARN | |
r-release-linux-x86_64 | 0.1.4.1 | 34.08 | 26.92 | 61.00 | WARN | |
r-release-macos-arm64 | 0.1.4.1 | 25.00 | OK | |||
r-release-macos-x86_64 | 0.1.4.1 | 40.00 | OK | |||
r-release-windows-x86_64 | 0.1.4.1 | 38.00 | 67.00 | 105.00 | WARN | |
r-oldrel-macos-arm64 | 0.1.4.1 | 24.00 | OK | |||
r-oldrel-macos-x86_64 | 0.1.4.1 | 34.00 | OK | |||
r-oldrel-windows-x86_64 | 0.1.4.1 | 37.00 | 65.00 | 102.00 | OK |
Version: 0.1.4.1
Check: whether package can be installed
Result: WARN
Found the following significant warnings:
finite_moment_test.cpp:300:27: warning: 'operator<<' is deprecated: use braced initialiser list instead [-Wdeprecated-declarations]
finite_moment_test.cpp:412:19: warning: 'operator<<' is deprecated: use braced initialiser list instead [-Wdeprecated-declarations]
See ‘/home/hornik/tmp/R.check/r-devel-clang/Work/PKGS/finity.Rcheck/00install.out’ for details.
* used C++ compiler: ‘Debian clang version 17.0.5 (1)’
Flavor: r-devel-linux-x86_64-debian-clang
Version: 0.1.4.1
Check: whether package can be installed
Result: WARN
Found the following significant warnings:
finite_moment_test.cpp:412:22: warning: ‘arma::mat_injector<arma::Col<eT> > arma::Col<eT>::operator<<(eT) [with eT = double]’ is deprecated: use braced initialiser list instead [-Wdeprecated-declarations]
See ‘/home/hornik/tmp/R.check/r-devel-gcc/Work/PKGS/finity.Rcheck/00install.out’ for details.
* used C++ compiler: ‘g++-13 (Debian 13.2.0-7) 13.2.0’
Flavor: r-devel-linux-x86_64-debian-gcc
Version: 0.1.4.1
Check: whether package can be installed
Result: WARN
Found the following significant warnings:
finite_moment_test.cpp:300:27: warning: 'operator<<' is deprecated: use braced initialiser list instead [-Wdeprecated-declarations]
finite_moment_test.cpp:412:19: warning: 'operator<<' is deprecated: use braced initialiser list instead [-Wdeprecated-declarations]
See ‘/data/gannet/ripley/R/packages/tests-clang/finity.Rcheck/00install.out’ for details.
* used C++ compiler: ‘clang version 17.0.5’
Flavor: r-devel-linux-x86_64-fedora-clang
Version: 0.1.4.1
Check: whether package can be installed
Result: WARN
Found the following significant warnings:
finite_moment_test.cpp:412:22: warning: 'arma::mat_injector<arma::Col<eT> > arma::Col<eT>::operator<<(eT) [with eT = double]' is deprecated: use braced initialiser list instead [-Wdeprecated-declarations]
See ‘/data/gannet/ripley/R/packages/tests-devel/finity.Rcheck/00install.out’ for details.
* used C++ compiler: ‘g++-13 (GCC) 13.2.0’
Flavor: r-devel-linux-x86_64-fedora-gcc
Version: 0.1.4.1
Check: whether package can be installed
Result: WARN
Found the following significant warnings:
finite_moment_test.cpp:412:22: warning: 'arma::mat_injector<arma::Col<eT> > arma::Col<eT>::operator<<(eT) [with eT = double]' is deprecated: use braced initialiser list instead [-Wdeprecated-declarations]
See 'd:/Rcompile/CRANpkg/local/4.4/finity.Rcheck/00install.out' for details.
* used C++ compiler: 'g++.exe (GCC) 12.3.0'
Flavor: r-devel-windows-x86_64
Version: 0.1.4.1
Check: whether package can be installed
Result: WARN
Found the following significant warnings:
finite_moment_test.cpp:412:22: warning: ‘arma::mat_injector<arma::Col<eT> > arma::Col<eT>::operator<<(eT) [with eT = double]’ is deprecated: use braced initialiser list instead [-Wdeprecated-declarations]
See ‘/home/hornik/tmp/R.check/r-patched-gcc/Work/PKGS/finity.Rcheck/00install.out’ for details.
* used C++ compiler: ‘g++-13 (Debian 13.2.0-7) 13.2.0’
Flavor: r-patched-linux-x86_64
Version: 0.1.4.1
Check: whether package can be installed
Result: WARN
Found the following significant warnings:
finite_moment_test.cpp:412:22: warning: ‘arma::mat_injector<arma::Col<eT> > arma::Col<eT>::operator<<(eT) [with eT = double]’ is deprecated: use braced initialiser list instead [-Wdeprecated-declarations]
See ‘/home/hornik/tmp/R.check/r-release-gcc/Work/PKGS/finity.Rcheck/00install.out’ for details.
* used C++ compiler: ‘g++-13 (Debian 13.2.0-7) 13.2.0’
Flavor: r-release-linux-x86_64
Version: 0.1.4.1
Check: whether package can be installed
Result: WARN
Found the following significant warnings:
finite_moment_test.cpp:412:22: warning: 'arma::mat_injector<arma::Col<eT> > arma::Col<eT>::operator<<(eT) [with eT = double]' is deprecated: use braced initialiser list instead [-Wdeprecated-declarations]
See 'd:/Rcompile/CRANpkg/local/4.3/finity.Rcheck/00install.out' for details.
* used C++ compiler: 'g++.exe (GCC) 12.3.0'
Flavor: r-release-windows-x86_64