CRAN Package Check Results for Package finnts

Last updated on 2022-07-06 17:49:04 CEST.

Flavor Version Tinstall Tcheck Ttotal Status Flags
r-devel-linux-x86_64-debian-clang 0.1.1 36.90 756.37 793.27 OK
r-devel-linux-x86_64-debian-gcc 0.1.1 31.46 562.81 594.27 OK
r-devel-linux-x86_64-fedora-clang 0.1.1 949.95 WARN
r-devel-linux-x86_64-fedora-gcc 0.1.1 1059.78 WARN
r-devel-windows-x86_64 0.1.1 49.00 733.00 782.00 OK
r-patched-linux-x86_64 0.1.1 33.09 709.60 742.69 OK
r-release-linux-x86_64 0.1.1 30.68 706.32 737.00 OK
r-release-macos-arm64 0.1.1 185.00 OK
r-release-macos-x86_64 0.1.1 378.00 OK
r-release-windows-x86_64 0.1.1 50.00 772.00 822.00 OK
r-oldrel-macos-arm64 0.1.1 140.00 OK
r-oldrel-macos-x86_64 0.1.1 271.00 OK
r-oldrel-windows-ix86+x86_64 0.1.1 85.00 818.00 903.00 OK

Check Details

Version: 0.1.1
Check: package dependencies
Result: WARN
    Imports includes 29 non-default packages.
    Importing from so many packages makes the package vulnerable to any of
    them becoming unavailable. Move as many as possible to Suggests and
    use conditionally.
    
    Requires orphaned package: ‘gtools’
Flavor: r-devel-linux-x86_64-fedora-clang

Version: 0.1.1
Check: package dependencies
Result: WARN
    Requires orphaned package: ‘gtools’
Flavor: r-devel-linux-x86_64-fedora-gcc