CRAN Package Check Results for Package fipe

Last updated on 2021-05-18 15:50:39 CEST.

Flavor Version Tinstall Tcheck Ttotal Status Flags
r-devel-linux-x86_64-debian-clang 0.0.1 2.29 21.74 24.03 NOTE
r-devel-linux-x86_64-debian-gcc 0.0.1 1.76 17.39 19.15 NOTE
r-devel-linux-x86_64-fedora-clang 0.0.1 38.32 NOTE
r-devel-linux-x86_64-fedora-gcc 0.0.1 27.51 NOTE
r-devel-windows-ix86+x86_64 0.0.1 7.00 35.00 42.00 NOTE
r-devel-windows-x86_64-gcc10-UCRT 0.0.1 NOTE
r-patched-linux-x86_64 0.0.1 2.22 21.62 23.84 NOTE
r-patched-solaris-x86 0.0.1 44.70 NOTE
r-release-linux-x86_64 0.0.1 2.04 21.26 23.30 OK
r-release-macos-x86_64 0.0.1 OK
r-release-windows-ix86+x86_64 0.0.1 4.00 33.00 37.00 OK
r-oldrel-macos-x86_64 0.0.1 OK
r-oldrel-windows-ix86+x86_64 0.0.1 3.00 38.00 41.00 OK

Additional issues

donttest

Check Details

Version: 0.0.1
Check: LazyData
Result: NOTE
     'LazyData' is specified without a 'data' directory
Flavors: r-devel-linux-x86_64-debian-clang, r-devel-linux-x86_64-debian-gcc, r-devel-linux-x86_64-fedora-clang, r-devel-linux-x86_64-fedora-gcc, r-devel-windows-ix86+x86_64, r-devel-windows-x86_64-gcc10-UCRT, r-patched-linux-x86_64, r-patched-solaris-x86