CRAN Package Check Results for Package firebase

Last updated on 2020-08-09 18:49:35 CEST.

Flavor Version Tinstall Tcheck Ttotal Status Flags
r-devel-linux-x86_64-debian-clang 0.1.0 7.09 30.79 37.88 OK
r-devel-linux-x86_64-debian-gcc 0.1.0 6.58 24.55 31.13 OK
r-devel-linux-x86_64-fedora-clang 0.1.0 55.67 NOTE
r-devel-linux-x86_64-fedora-gcc 0.1.0 45.72 NOTE
r-devel-windows-ix86+x86_64 0.1.0 15.00 62.00 77.00 OK
r-patched-linux-x86_64 0.1.0 7.60 30.77 38.37 OK
r-patched-solaris-x86 0.1.0 70.10 NOTE
r-release-linux-x86_64 0.1.0 7.69 30.77 38.46 OK
r-release-macos-x86_64 0.1.0 NOTE
r-release-windows-ix86+x86_64 0.1.0 20.00 58.00 78.00 OK
r-oldrel-macos-x86_64 0.1.0 NOTE
r-oldrel-windows-ix86+x86_64 0.1.0 11.00 65.00 76.00 OK

Check Details

Version: 0.1.0
Check: dependencies in R code
Result: NOTE
    Namespace in Imports field not imported from: ‘R6’
     All declared Imports should be used.
Flavors: r-devel-linux-x86_64-fedora-clang, r-devel-linux-x86_64-fedora-gcc, r-patched-solaris-x86, r-release-macos-x86_64, r-oldrel-macos-x86_64