CRAN Package Check Results for Package fishMod

Last updated on 2020-04-02 18:49:25 CEST.

Flavor Version Tinstall Tcheck Ttotal Status Flags
r-devel-linux-x86_64-debian-clang 0.29 5.99 22.70 28.69 OK
r-devel-linux-x86_64-debian-gcc 0.29 4.19 17.82 22.01 OK
r-devel-linux-x86_64-fedora-clang 0.29 36.22 NOTE
r-devel-linux-x86_64-fedora-gcc 0.29 34.17 NOTE
r-devel-windows-ix86+x86_64 0.29 15.00 62.00 77.00 OK
r-devel-windows-ix86+x86_64-gcc8 0.29 13.00 44.00 57.00 OK
r-patched-linux-x86_64 0.29 5.42 22.66 28.08 OK
r-patched-solaris-x86 0.29 55.30 OK
r-release-linux-x86_64 0.29 4.85 21.14 25.99 OK
r-release-windows-ix86+x86_64 0.29 13.00 62.00 75.00 OK
r-release-osx-x86_64 0.29 OK
r-oldrel-windows-ix86+x86_64 0.29 11.00 39.00 50.00 OK
r-oldrel-osx-x86_64 0.29 OK

Check Details

Version: 0.29
Check: compiled code
Result: NOTE
    File ‘fishMod/libs/fishMod.so’:
     Found no calls to: ‘R_registerRoutines’, ‘R_useDynamicSymbols’
    
    It is good practice to register native routines and to disable symbol
    search.
    
    See ‘Writing portable packages’ in the ‘Writing R Extensions’ manual.
Flavors: r-devel-linux-x86_64-fedora-clang, r-devel-linux-x86_64-fedora-gcc