Last updated on 2023-01-29 16:54:56 CET.
Flavor | Version | Tinstall | Tcheck | Ttotal | Status | Flags |
---|---|---|---|---|---|---|
r-devel-linux-x86_64-debian-clang | 0.1.8 | 2.27 | 22.89 | 25.16 | NOTE | --no-vignettes |
r-devel-linux-x86_64-debian-gcc | 0.1.8 | 1.94 | 18.23 | 20.17 | NOTE | --no-vignettes |
r-devel-linux-x86_64-fedora-clang | 0.1.8 | 32.98 | NOTE | --no-vignettes | ||
r-devel-linux-x86_64-fedora-gcc | 0.1.8 | 31.71 | NOTE | --no-vignettes | ||
r-devel-windows-x86_64 | 0.1.8 | 21.00 | 80.00 | 101.00 | NOTE | --no-vignettes |
r-patched-linux-x86_64 | 0.1.8 | 2.56 | 23.19 | 25.75 | NOTE | --no-vignettes |
r-release-linux-x86_64 | 0.1.8 | 2.51 | 23.68 | 26.19 | NOTE | --no-vignettes |
r-release-macos-arm64 | 0.1.8 | 16.00 | ERROR | |||
r-release-macos-x86_64 | 0.1.8 | 28.00 | ERROR | |||
r-release-windows-x86_64 | 0.1.8 | 17.00 | 51.00 | 68.00 | NOTE | --no-vignettes |
r-oldrel-macos-arm64 | 0.1.8 | 21.00 | WARN | |||
r-oldrel-macos-x86_64 | 0.1.8 | 28.00 | WARN | |||
r-oldrel-windows-ix86+x86_64 | 0.1.8 | 6.00 | 65.00 | 71.00 | NOTE | --no-vignettes |
Version: 0.1.8
Flags: --no-vignettes
Check: LazyData
Result: NOTE
'LazyData' is specified without a 'data' directory
Flavors: r-devel-linux-x86_64-debian-clang, r-devel-linux-x86_64-debian-gcc, r-devel-linux-x86_64-fedora-clang, r-devel-linux-x86_64-fedora-gcc, r-devel-windows-x86_64, r-patched-linux-x86_64, r-release-linux-x86_64, r-release-windows-x86_64, r-oldrel-windows-ix86+x86_64
Version: 0.1.8
Check: LazyData
Result: NOTE
'LazyData' is specified without a 'data' directory
Flavors: r-release-macos-arm64, r-release-macos-x86_64, r-oldrel-macos-arm64, r-oldrel-macos-x86_64
Version: 0.1.8
Check: re-building of vignette outputs
Result: ERROR
Error(s) in re-building vignettes:
...
--- re-building ‘fitbitScraper-examples.Rmd’ using rmarkdown
Quitting from lines 22-24 (fitbitScraper-examples.Rmd)
Error: processing vignette 'fitbitScraper-examples.Rmd' failed with diagnostics:
login failed
--- failed re-building ‘fitbitScraper-examples.Rmd’
SUMMARY: processing the following file failed:
‘fitbitScraper-examples.Rmd’
Error: Vignette re-building failed.
Execution halted
Flavors: r-release-macos-arm64, r-release-macos-x86_64
Version: 0.1.8
Check: re-building of vignette outputs
Result: WARN
Error(s) in re-building vignettes:
...
--- re-building ‘fitbitScraper-examples.Rmd’ using rmarkdown
Quitting from lines 22-24 (fitbitScraper-examples.Rmd)
Error: processing vignette 'fitbitScraper-examples.Rmd' failed with diagnostics:
login failed
--- failed re-building ‘fitbitScraper-examples.Rmd’
SUMMARY: processing the following file failed:
‘fitbitScraper-examples.Rmd’
Error: Vignette re-building failed.
Execution halted
Flavors: r-oldrel-macos-arm64, r-oldrel-macos-x86_64