CRAN Package Check Results for Package fitdistrplus

Last updated on 2020-09-25 05:46:52 CEST.

Flavor Version Tinstall Tcheck Ttotal Status Flags
r-devel-linux-x86_64-debian-clang 1.1-1 16.58 400.97 417.55 OK
r-devel-linux-x86_64-debian-gcc 1.1-1 15.40 297.28 312.68 OK
r-devel-linux-x86_64-fedora-clang 1.1-1 491.47 NOTE
r-devel-linux-x86_64-fedora-gcc 1.1-1 542.67 OK
r-devel-windows-ix86+x86_64 1.1-1 30.00 503.00 533.00 OK
r-patched-linux-x86_64 1.1-1 17.62 391.54 409.16 OK
r-patched-solaris-x86 1.1-1 702.00 OK
r-release-linux-x86_64 1.1-1 17.09 381.64 398.73 OK
r-release-macos-x86_64 1.1-1 OK
r-release-windows-ix86+x86_64 1.1-1 26.00 533.00 559.00 OK
r-oldrel-macos-x86_64 1.1-1 OK
r-oldrel-windows-ix86+x86_64 1.1-1 29.00 479.00 508.00 OK

Check Details

Version: 1.1-1
Check: Rd cross-references
Result: NOTE
    Undeclared package ‘Hmisc’ in Rd xrefs
Flavor: r-devel-linux-x86_64-fedora-clang