CRAN Package Check Results for Package fitmix

Last updated on 2024-03-01 07:52:49 CET.

Flavor Version Tinstall Tcheck Ttotal Status Flags
r-devel-linux-x86_64-debian-clang 0.1.0 3.15 30.95 34.10 NOTE
r-devel-linux-x86_64-debian-gcc 0.1.0 2.33 23.22 25.55 NOTE
r-devel-linux-x86_64-fedora-clang 0.1.0 43.97 NOTE
r-devel-linux-x86_64-fedora-gcc 0.1.0 40.26 NOTE
r-devel-windows-x86_64 0.1.0 3.00 48.00 51.00 NOTE
r-patched-linux-x86_64 0.1.0 3.53 30.51 34.04 NOTE
r-release-linux-x86_64 0.1.0 3.41 30.50 33.91 NOTE
r-release-macos-arm64 0.1.0 16.00 NOTE
r-release-macos-x86_64 0.1.0 24.00 NOTE
r-release-windows-x86_64 0.1.0 4.00 48.00 52.00 NOTE
r-oldrel-macos-arm64 0.1.0 16.00 OK
r-oldrel-windows-x86_64 0.1.0 5.00 50.00 55.00 OK

Check Details

Version: 0.1.0
Check: Rd files
Result: NOTE checkRd: (-1) fitmixEM.Rd:51: Escaped LaTeX specials: \& Flavors: r-devel-linux-x86_64-debian-clang, r-devel-linux-x86_64-debian-gcc, r-devel-linux-x86_64-fedora-clang, r-devel-linux-x86_64-fedora-gcc, r-devel-windows-x86_64, r-patched-linux-x86_64, r-release-linux-x86_64, r-release-macos-arm64, r-release-macos-x86_64, r-release-windows-x86_64