CRAN Package Check Results for Package fivethirtyeight

Last updated on 2022-12-05 18:52:01 CET.

Flavor Version Tinstall Tcheck Ttotal Status Flags
r-devel-linux-x86_64-debian-clang 0.6.2 9.24 74.90 84.14 NOTE
r-devel-linux-x86_64-debian-gcc 0.6.2 7.02 58.00 65.02 NOTE
r-devel-linux-x86_64-fedora-clang 0.6.2 113.22 NOTE
r-devel-linux-x86_64-fedora-gcc 0.6.2 122.20 NOTE
r-devel-windows-x86_64 0.6.2 240.00 156.00 396.00 NOTE
r-patched-linux-x86_64 0.6.2 12.12 63.98 76.10 NOTE
r-release-linux-x86_64 0.6.2 8.48 62.04 70.52 NOTE
r-release-macos-arm64 0.6.2 35.00 NOTE
r-release-macos-x86_64 0.6.2 51.00 NOTE
r-release-windows-x86_64 0.6.2 283.00 120.00 403.00 NOTE
r-oldrel-macos-arm64 0.6.2 56.00 NOTE
r-oldrel-macos-x86_64 0.6.2 53.00 NOTE
r-oldrel-windows-ix86+x86_64 0.6.2 17.00 105.00 122.00 NOTE

Check Details

Version: 0.6.2
Check: package dependencies
Result: NOTE
    Package suggested but not available for checking: 'fivethirtyeightdata'
Flavors: r-devel-linux-x86_64-debian-clang, r-devel-linux-x86_64-debian-gcc, r-devel-linux-x86_64-fedora-clang, r-devel-linux-x86_64-fedora-gcc, r-devel-windows-x86_64, r-patched-linux-x86_64, r-release-linux-x86_64, r-release-macos-arm64, r-release-macos-x86_64, r-release-windows-x86_64, r-oldrel-macos-arm64, r-oldrel-macos-x86_64, r-oldrel-windows-ix86+x86_64

Version: 0.6.2
Check: Rd cross-references
Result: NOTE
    Package unavailable to check Rd xrefs: 'fivethirtyeightdata'
Flavors: r-devel-linux-x86_64-debian-clang, r-devel-linux-x86_64-debian-gcc, r-devel-linux-x86_64-fedora-clang, r-devel-linux-x86_64-fedora-gcc, r-devel-windows-x86_64, r-patched-linux-x86_64, r-release-linux-x86_64, r-release-macos-arm64, r-release-macos-x86_64, r-release-windows-x86_64, r-oldrel-macos-arm64, r-oldrel-macos-x86_64, r-oldrel-windows-ix86+x86_64

Version: 0.6.2
Check: installed package size
Result: NOTE
     installed size is 5.0Mb
     sub-directories of 1Mb or more:
     data 3.8Mb
Flavors: r-devel-linux-x86_64-fedora-clang, r-devel-windows-x86_64, r-release-windows-x86_64

Version: 0.6.2
Check: data for non-ASCII characters
Result: NOTE
     Note: found 584 marked UTF-8 strings
Flavors: r-devel-linux-x86_64-fedora-clang, r-devel-linux-x86_64-fedora-gcc, r-release-macos-arm64, r-release-macos-x86_64, r-oldrel-macos-arm64, r-oldrel-macos-x86_64