Last updated on 2023-09-28 16:54:18 CEST.
Flavor | Version | Tinstall | Tcheck | Ttotal | Status | Flags |
---|---|---|---|---|---|---|
r-devel-linux-x86_64-debian-clang | 0.6.2 | 7.04 | 70.87 | 77.91 | NOTE | |
r-devel-linux-x86_64-debian-gcc | 0.6.2 | 6.93 | 55.03 | 61.96 | NOTE | |
r-devel-linux-x86_64-fedora-clang | 0.6.2 | 99.04 | NOTE | |||
r-devel-linux-x86_64-fedora-gcc | 0.6.2 | 109.45 | NOTE | |||
r-devel-windows-x86_64 | 0.6.2 | 12.00 | 103.00 | 115.00 | NOTE | |
r-patched-linux-x86_64 | 0.6.2 | 9.49 | 69.32 | 78.81 | NOTE | |
r-release-linux-x86_64 | 0.6.2 | 7.07 | 68.67 | 75.74 | NOTE | |
r-release-macos-arm64 | 0.6.2 | 51.00 | NOTE | |||
r-release-macos-x86_64 | 0.6.2 | 71.00 | NOTE | |||
r-release-windows-x86_64 | 0.6.2 | 17.00 | 115.00 | 132.00 | NOTE | |
r-oldrel-macos-arm64 | 0.6.2 | 41.00 | NOTE | |||
r-oldrel-macos-x86_64 | 0.6.2 | 51.00 | NOTE | |||
r-oldrel-windows-x86_64 | 0.6.2 | 18.00 | 98.00 | 116.00 | NOTE |
Version: 0.6.2
Check: package dependencies
Result: NOTE
Package suggested but not available for checking: ‘fivethirtyeightdata’
Flavors: r-devel-linux-x86_64-debian-clang, r-devel-linux-x86_64-debian-gcc, r-devel-linux-x86_64-fedora-clang, r-devel-linux-x86_64-fedora-gcc, r-devel-windows-x86_64, r-patched-linux-x86_64, r-release-linux-x86_64, r-release-macos-arm64, r-release-macos-x86_64, r-release-windows-x86_64, r-oldrel-macos-arm64, r-oldrel-macos-x86_64, r-oldrel-windows-x86_64
Version: 0.6.2
Check: Rd cross-references
Result: NOTE
Package unavailable to check Rd xrefs: ‘fivethirtyeightdata’
Flavors: r-devel-linux-x86_64-debian-clang, r-devel-linux-x86_64-debian-gcc, r-devel-linux-x86_64-fedora-clang, r-devel-linux-x86_64-fedora-gcc, r-devel-windows-x86_64, r-patched-linux-x86_64, r-release-linux-x86_64, r-release-macos-arm64, r-release-macos-x86_64, r-release-windows-x86_64, r-oldrel-macos-arm64, r-oldrel-macos-x86_64, r-oldrel-windows-x86_64
Version: 0.6.2
Check: data for non-ASCII characters
Result: NOTE
Note: found 584 marked UTF-8 strings
Flavors: r-devel-linux-x86_64-fedora-clang, r-devel-linux-x86_64-fedora-gcc, r-oldrel-macos-x86_64
Version: 0.6.2
Check: installed package size
Result: NOTE
installed size is 5.0Mb
sub-directories of 1Mb or more:
data 3.8Mb
Flavors: r-devel-windows-x86_64, r-release-windows-x86_64, r-oldrel-windows-x86_64