CRAN Package Check Results for Package fixest

Last updated on 2020-01-18 17:46:29 CET.

Flavor Version Tinstall Tcheck Ttotal Status Flags
r-devel-linux-x86_64-debian-clang 0.2.1 77.77 82.77 160.54 OK
r-devel-linux-x86_64-debian-gcc 0.2.1 55.40 61.38 116.78 OK
r-devel-linux-x86_64-fedora-clang 0.2.1 221.31 NOTE
r-devel-linux-x86_64-fedora-gcc 0.2.1 207.50 OK
r-devel-windows-ix86+x86_64 0.2.1 189.00 157.00 346.00 OK
r-devel-windows-ix86+x86_64-gcc8 0.2.1 136.00 162.00 298.00 OK
r-patched-linux-x86_64 0.2.1 58.03 72.69 130.72 OK
r-patched-solaris-x86 0.2.1 199.90 OK
r-release-linux-x86_64 0.2.1 64.79 73.41 138.20 OK
r-release-windows-ix86+x86_64 0.2.1 180.00 103.00 283.00 OK
r-release-osx-x86_64 0.2.1 OK
r-oldrel-windows-ix86+x86_64 0.2.1 181.00 103.00 284.00 OK
r-oldrel-osx-x86_64 0.2.1 OK

Check Details

Version: 0.2.1
Check: installed package size
Result: NOTE
     installed size is 5.8Mb
     sub-directories of 1Mb or more:
     libs 3.8Mb
Flavor: r-devel-linux-x86_64-fedora-clang