Last updated on 2023-12-03 04:56:06 CET.
Flavor | Version | Tinstall | Tcheck | Ttotal | Status | Flags |
---|---|---|---|---|---|---|
r-devel-linux-x86_64-debian-clang | 0.11.2 | 151.57 | 309.33 | 460.90 | OK | |
r-devel-linux-x86_64-debian-gcc | 0.11.2 | 110.78 | 229.40 | 340.18 | OK | |
r-devel-linux-x86_64-fedora-clang | 0.11.2 | 596.03 | NOTE | |||
r-devel-linux-x86_64-fedora-gcc | 0.11.2 | 391.37 | OK | |||
r-devel-windows-x86_64 | 0.11.2 | 112.00 | 262.00 | 374.00 | NOTE | |
r-patched-linux-x86_64 | 0.11.2 | 125.75 | 285.63 | 411.38 | OK | |
r-release-linux-x86_64 | 0.11.2 | 138.41 | 289.44 | 427.85 | OK | |
r-release-macos-arm64 | 0.11.2 | 147.00 | NOTE | |||
r-release-macos-x86_64 | 0.11.2 | 549.00 | NOTE | |||
r-release-windows-x86_64 | 0.11.2 | 150.00 | 331.00 | 481.00 | NOTE | |
r-oldrel-macos-arm64 | 0.11.2 | 144.00 | NOTE | |||
r-oldrel-macos-x86_64 | 0.11.1 | 182.00 | NOTE | |||
r-oldrel-windows-x86_64 | 0.11.2 | 137.00 | 302.00 | 439.00 | NOTE |
Version: 0.11.2
Check: installed package size
Result: NOTE
installed size is 6.7Mb
sub-directories of 1Mb or more:
R 1.3Mb
doc 3.6Mb
Flavors: r-devel-linux-x86_64-fedora-clang, r-devel-windows-x86_64, r-release-macos-arm64, r-release-macos-x86_64, r-release-windows-x86_64, r-oldrel-macos-arm64, r-oldrel-windows-x86_64
Version: 0.11.1
Check: installed package size
Result: NOTE
installed size is 11.1Mb
sub-directories of 1Mb or more:
R 1.3Mb
doc 3.6Mb
libs 5.1Mb
Flavor: r-oldrel-macos-x86_64