CRAN Package Check Results for Package fixest

Last updated on 2020-08-05 06:47:20 CEST.

Flavor Version Tinstall Tcheck Ttotal Status Flags
r-devel-linux-x86_64-debian-clang 0.6.0 94.81 127.56 222.37 OK
r-devel-linux-x86_64-debian-gcc 0.6.0 72.83 94.55 167.38 OK
r-devel-linux-x86_64-fedora-clang 0.6.0 288.81 NOTE
r-devel-linux-x86_64-fedora-gcc 0.6.0 268.68 OK
r-devel-windows-ix86+x86_64 0.6.0 212.00 197.00 409.00 NOTE
r-patched-linux-x86_64 0.6.0 77.51 123.70 201.21 OK
r-patched-solaris-x86 0.6.0 278.40 NOTE
r-release-linux-x86_64 0.6.0 75.02 123.85 198.87 OK
r-release-macos-x86_64 0.6.0 NOTE
r-release-windows-ix86+x86_64 0.6.0 203.00 248.00 451.00 NOTE
r-oldrel-macos-x86_64 0.6.0 NOTE
r-oldrel-windows-ix86+x86_64 0.6.0 151.00 175.00 326.00 NOTE

Check Details

Version: 0.6.0
Check: installed package size
Result: NOTE
     installed size is 9.3Mb
     sub-directories of 1Mb or more:
     doc 2.8Mb
     libs 5.1Mb
Flavors: r-devel-linux-x86_64-fedora-clang, r-devel-windows-ix86+x86_64, r-patched-solaris-x86, r-release-macos-x86_64, r-release-windows-ix86+x86_64, r-oldrel-macos-x86_64, r-oldrel-windows-ix86+x86_64