CRAN Package Check Results for Package fizzbuzzR

Last updated on 2021-11-27 00:51:31 CET.

Flavor Version Tinstall Tcheck Ttotal Status Flags
r-devel-linux-x86_64-debian-clang 0.1.1 1.87 18.89 20.76 NOTE
r-devel-linux-x86_64-debian-gcc 0.1.1 1.20 15.33 16.53 NOTE
r-devel-linux-x86_64-fedora-clang 0.1.1 36.56 NOTE
r-devel-linux-x86_64-fedora-gcc 0.1.1 25.99 NOTE
r-devel-windows-x86_64-new-UL 0.1.1 4.00 51.00 55.00 NOTE
r-devel-windows-x86_64-new-TK 0.1.1 NOTE
r-devel-windows-x86_64-old 0.1.1 3.00 33.00 36.00 NOTE
r-patched-linux-x86_64 0.1.1 1.84 18.45 20.29 NOTE
r-patched-solaris-x86 0.1.1 41.80 NOTE
r-release-linux-x86_64 0.1.1 NOTE
r-release-macos-arm64 0.1.1 NOTE
r-release-macos-x86_64 0.1.1 NOTE
r-release-windows-ix86+x86_64 0.1.1 4.00 25.00 29.00 NOTE
r-oldrel-macos-x86_64 0.1.1 OK
r-oldrel-windows-ix86+x86_64 0.1.1 4.00 28.00 32.00 OK

Check Details

Version: 0.1.1
Check: LazyData
Result: NOTE
     'LazyData' is specified without a 'data' directory
Flavors: r-devel-linux-x86_64-debian-clang, r-devel-linux-x86_64-debian-gcc, r-devel-linux-x86_64-fedora-clang, r-devel-linux-x86_64-fedora-gcc, r-devel-windows-x86_64-new-UL, r-devel-windows-x86_64-new-TK, r-devel-windows-x86_64-old, r-patched-linux-x86_64, r-patched-solaris-x86, r-release-linux-x86_64, r-release-macos-arm64, r-release-macos-x86_64, r-release-windows-ix86+x86_64