CRAN Package Check Results for Package flacco

Last updated on 2024-02-21 06:53:09 CET.

Flavor Version Tinstall Tcheck Ttotal Status Flags
r-devel-linux-x86_64-debian-clang 1.8 NOTE
r-devel-linux-x86_64-debian-gcc 1.8 12.25 107.42 119.67 NOTE
r-devel-linux-x86_64-fedora-clang 1.8 199.18 OK
r-devel-linux-x86_64-fedora-gcc 1.8 205.29 OK
r-devel-windows-x86_64 1.8 15.00 124.00 139.00 OK
r-patched-linux-x86_64 1.8 15.03 141.22 156.25 OK
r-release-linux-x86_64 1.8 15.52 141.31 156.83 OK
r-release-macos-arm64 1.8 62.00 OK
r-release-macos-x86_64 1.8 102.00 OK
r-release-windows-x86_64 1.8 18.00 152.00 170.00 OK
r-oldrel-macos-arm64 1.8 53.00 OK
r-oldrel-windows-x86_64 1.8 19.00 147.00 166.00 OK

Check Details

Version: 1.8
Check: Rd files
Result: NOTE checkRd: (-1) convertInitDesignToGrid.Rd:11: Lost braces; missing escapes or markup? 11 | The initial design, consisting of \code{d + 1} columns ({d} dimensions and | ^ Flavors: r-devel-linux-x86_64-debian-clang, r-devel-linux-x86_64-debian-gcc