CRAN Package Check Results for Package flamingos

Last updated on 2019-11-14 19:48:20 CET.

Flavor Version Tinstall Tcheck Ttotal Status Flags
r-devel-linux-x86_64-debian-clang 0.1.0 60.66 161.01 221.67 OK
r-devel-linux-x86_64-debian-gcc 0.1.0 44.16 118.04 162.20 OK
r-devel-linux-x86_64-fedora-clang 0.1.0 274.84 NOTE
r-devel-linux-x86_64-fedora-gcc 0.1.0 269.76 OK
r-devel-windows-ix86+x86_64 0.1.0 145.00 311.00 456.00 NOTE
r-patched-linux-x86_64 0.1.0 49.07 151.35 200.42 OK
r-patched-solaris-x86 0.1.0 423.00 NOTE
r-release-linux-x86_64 0.1.0 47.64 150.67 198.31 OK
r-release-windows-ix86+x86_64 0.1.0 115.00 319.00 434.00 NOTE
r-release-osx-x86_64 0.1.0 NOTE
r-oldrel-windows-ix86+x86_64 0.1.0 116.00 307.00 423.00 NOTE
r-oldrel-osx-x86_64 0.1.0 NOTE

Check Details

Version: 0.1.0
Check: installed package size
Result: NOTE
     installed size is 7.3Mb
     sub-directories of 1Mb or more:
     doc 1.9Mb
     help 2.3Mb
     libs 2.8Mb
Flavors: r-devel-linux-x86_64-fedora-clang, r-devel-windows-ix86+x86_64, r-patched-solaris-x86, r-release-windows-ix86+x86_64, r-release-osx-x86_64, r-oldrel-windows-ix86+x86_64, r-oldrel-osx-x86_64