CRAN Package Check Results for Package flamingos

Last updated on 2020-06-03 21:47:45 CEST.

Flavor Version Tinstall Tcheck Ttotal Status Flags
r-devel-linux-x86_64-debian-clang 0.1.0 69.45 162.06 231.51 OK
r-devel-linux-x86_64-debian-gcc 0.1.0 49.28 122.74 172.02 OK
r-devel-linux-x86_64-fedora-clang 0.1.0 296.51 NOTE
r-devel-linux-x86_64-fedora-gcc 0.1.0 281.05 OK
r-devel-windows-ix86+x86_64 0.1.0 170.00 309.00 479.00 NOTE
r-patched-linux-x86_64 0.1.0 55.57 161.68 217.25 OK
r-patched-solaris-x86 0.1.0 433.50 NOTE
r-release-linux-x86_64 0.1.0 56.33 164.06 220.39 OK
r-release-osx-x86_64 0.1.0 NOTE
r-release-windows-ix86+x86_64 0.1.0 129.00 300.00 429.00 NOTE
r-oldrel-osx-x86_64 0.1.0 NOTE
r-oldrel-windows-ix86+x86_64 0.1.0 153.00 307.00 460.00 NOTE

Check Details

Version: 0.1.0
Check: installed package size
Result: NOTE
     installed size is 7.9Mb
     sub-directories of 1Mb or more:
     doc 1.9Mb
     help 2.3Mb
     libs 3.2Mb
Flavors: r-devel-linux-x86_64-fedora-clang, r-devel-windows-ix86+x86_64, r-patched-solaris-x86, r-release-osx-x86_64, r-release-windows-ix86+x86_64, r-oldrel-osx-x86_64, r-oldrel-windows-ix86+x86_64