CRAN Package Check Results for Package flars

Last updated on 2021-06-15 11:50:08 CEST.

Flavor Version Tinstall Tcheck Ttotal Status Flags
r-devel-linux-x86_64-debian-clang 1.0 50.68 95.62 146.30 OK
r-devel-linux-x86_64-debian-gcc 1.0 32.46 75.87 108.33 OK
r-devel-linux-x86_64-fedora-clang 1.0 195.00 NOTE
r-devel-linux-x86_64-fedora-gcc 1.0 174.30 NOTE
r-devel-windows-x86_64 1.0 64.00 124.00 188.00 OK
r-devel-windows-x86_64-gcc10-UCRT 1.0 OK
r-patched-linux-x86_64 1.0 41.75 93.74 135.49 OK
r-patched-solaris-x86 1.0 235.50 OK
r-release-linux-x86_64 1.0 39.84 93.37 133.21 OK
r-release-macos-arm64 1.0 OK
r-release-macos-x86_64 1.0 OK
r-release-windows-ix86+x86_64 1.0 114.00 132.00 246.00 OK
r-oldrel-macos-x86_64 1.0 OK
r-oldrel-windows-ix86+x86_64 1.0 118.00 176.00 294.00 OK

Check Details

Version: 1.0
Check: compiled code
Result: NOTE
    File ‘flars/libs/flars.so’:
     Found no calls to: ‘R_registerRoutines’, ‘R_useDynamicSymbols’
    
    It is good practice to register native routines and to disable symbol
    search.
    
    See ‘Writing portable packages’ in the ‘Writing R Extensions’ manual.
Flavors: r-devel-linux-x86_64-fedora-clang, r-devel-linux-x86_64-fedora-gcc