CRAN Package Check Results for Package flatness

Last updated on 2021-11-28 02:48:47 CET.

Flavor Version Tinstall Tcheck Ttotal Status Flags
r-devel-linux-x86_64-debian-clang 0.1.4 OK
r-devel-linux-x86_64-debian-gcc 0.1.4 2.53 25.02 27.55 OK
r-devel-linux-x86_64-fedora-clang 0.1.4 53.86 NOTE
r-devel-linux-x86_64-fedora-gcc 0.1.4 42.59 NOTE
r-devel-windows-x86_64-new-UL 0.1.4 11.00 75.00 86.00 OK
r-devel-windows-x86_64-new-TK 0.1.4 NOTE
r-devel-windows-x86_64-old 0.1.4 5.00 52.00 57.00 OK
r-patched-linux-x86_64 0.1.4 3.30 29.97 33.27 OK
r-patched-solaris-x86 0.1.4 55.90 NOTE
r-release-linux-x86_64 0.1.4 OK
r-release-macos-arm64 0.1.4 NOTE
r-release-macos-x86_64 0.1.4 NOTE
r-release-windows-ix86+x86_64 0.1.4 7.00 36.00 43.00 OK
r-oldrel-macos-x86_64 0.1.4 NOTE
r-oldrel-windows-ix86+x86_64 0.1.4 5.00 49.00 54.00 OK

Check Details

Version: 0.1.4
Check: dependencies in R code
Result: NOTE
    Namespaces in Imports field not imported from:
     ‘data.table’ ‘xtable’
     All declared Imports should be used.
Flavors: r-devel-linux-x86_64-fedora-clang, r-devel-linux-x86_64-fedora-gcc, r-devel-windows-x86_64-new-TK, r-patched-solaris-x86, r-release-macos-arm64, r-release-macos-x86_64, r-oldrel-macos-x86_64