CRAN Package Check Results for Package flatxml

Last updated on 2022-09-27 20:53:01 CEST.

Flavor Version Tinstall Tcheck Ttotal Status Flags
r-devel-linux-x86_64-debian-clang 0.1.1 3.29 46.87 50.16 NOTE
r-devel-linux-x86_64-debian-gcc 0.1.1 2.18 34.80 36.98 NOTE
r-devel-linux-x86_64-fedora-clang 0.1.1 72.81 NOTE
r-devel-linux-x86_64-fedora-gcc 0.1.1 73.82 NOTE
r-devel-windows-x86_64 0.1.1 18.00 82.00 100.00 NOTE
r-patched-linux-x86_64 0.1.1 3.56 44.73 48.29 NOTE
r-release-linux-x86_64 0.1.1 2.88 44.38 47.26 NOTE
r-release-macos-arm64 0.1.1 18.00 NOTE
r-release-macos-x86_64 0.1.1 28.00 NOTE
r-release-windows-x86_64 0.1.1 14.00 76.00 90.00 NOTE
r-oldrel-macos-arm64 0.1.1 28.00 NOTE
r-oldrel-macos-x86_64 0.1.1 35.00 NOTE
r-oldrel-windows-ix86+x86_64 0.1.1 7.00 68.00 75.00 NOTE

Check Details

Version: 0.1.1
Check: LazyData
Result: NOTE
     'LazyData' is specified without a 'data' directory
Flavors: r-devel-linux-x86_64-debian-clang, r-devel-linux-x86_64-debian-gcc, r-devel-linux-x86_64-fedora-clang, r-devel-linux-x86_64-fedora-gcc, r-devel-windows-x86_64, r-patched-linux-x86_64, r-release-linux-x86_64, r-release-macos-arm64, r-release-macos-x86_64, r-release-windows-x86_64, r-oldrel-macos-arm64, r-oldrel-macos-x86_64, r-oldrel-windows-ix86+x86_64

Version: 0.1.1
Check: dependencies in R code
Result: NOTE
    Namespace in Imports field not imported from: ‘RCurl’
     All declared Imports should be used.
Flavors: r-devel-linux-x86_64-fedora-clang, r-devel-linux-x86_64-fedora-gcc, r-release-macos-arm64, r-release-macos-x86_64, r-oldrel-macos-arm64, r-oldrel-macos-x86_64