CRAN Package Check Results for Package flatxml

Last updated on 2023-09-25 13:03:14 CEST.

Flavor Version Tinstall Tcheck Ttotal Status Flags
r-devel-linux-x86_64-debian-clang 0.1.1 3.32 46.64 49.96 NOTE
r-devel-linux-x86_64-debian-gcc 0.1.1 2.31 34.73 37.04 NOTE
r-devel-linux-x86_64-fedora-clang 0.1.1 59.25 NOTE
r-devel-linux-x86_64-fedora-gcc 0.1.1 59.06 NOTE
r-devel-windows-x86_64 0.1.1 4.00 63.00 67.00 NOTE
r-patched-linux-x86_64 0.1.1 3.12 44.80 47.92 NOTE
r-release-linux-x86_64 0.1.1 3.12 45.43 48.55 NOTE
r-release-macos-arm64 0.1.1 23.00 NOTE
r-release-macos-x86_64 0.1.1 31.00 NOTE
r-release-windows-x86_64 0.1.1 5.00 66.00 71.00 NOTE
r-oldrel-macos-arm64 0.1.1 18.00 NOTE
r-oldrel-macos-x86_64 0.1.1 28.00 NOTE
r-oldrel-windows-x86_64 0.1.1 5.00 65.00 70.00 NOTE

Check Details

Version: 0.1.1
Check: LazyData
Result: NOTE
     'LazyData' is specified without a 'data' directory
Flavors: r-devel-linux-x86_64-debian-clang, r-devel-linux-x86_64-debian-gcc, r-devel-linux-x86_64-fedora-clang, r-devel-linux-x86_64-fedora-gcc, r-devel-windows-x86_64, r-patched-linux-x86_64, r-release-linux-x86_64, r-release-macos-arm64, r-release-macos-x86_64, r-release-windows-x86_64, r-oldrel-macos-arm64, r-oldrel-macos-x86_64, r-oldrel-windows-x86_64

Version: 0.1.1
Check: dependencies in R code
Result: NOTE
    Namespace in Imports field not imported from: ‘RCurl’
     All declared Imports should be used.
Flavors: r-devel-linux-x86_64-fedora-clang, r-devel-linux-x86_64-fedora-gcc, r-oldrel-macos-arm64, r-oldrel-macos-x86_64