Last updated on 2023-03-23 02:49:43 CET.
Flavor | Version | Tinstall | Tcheck | Ttotal | Status | Flags |
---|---|---|---|---|---|---|
r-devel-linux-x86_64-debian-clang | 1.92 | 15.67 | 144.65 | 160.32 | OK | |
r-devel-linux-x86_64-debian-gcc | 1.92 | 13.41 | 110.20 | 123.61 | OK | |
r-devel-linux-x86_64-fedora-clang | 1.92 | 202.64 | NOTE | |||
r-devel-linux-x86_64-fedora-gcc | 1.92 | 189.84 | OK | |||
r-patched-linux-x86_64 | 1.92 | 16.32 | 131.90 | 148.22 | OK | |
r-release-linux-x86_64 | 1.92 | 14.77 | 132.49 | 147.26 | OK | |
r-release-macos-arm64 | 1.92 | 51.00 | OK | |||
r-release-macos-x86_64 | 1.92 | 89.00 | OK | |||
r-release-windows-x86_64 | 1.92 | 40.00 | 165.00 | 205.00 | OK | |
r-oldrel-macos-arm64 | 1.92 | 62.00 | OK | |||
r-oldrel-macos-x86_64 | 1.92 | 85.00 | OK | |||
r-oldrel-windows-ix86+x86_64 | 1.92 | 38.00 | 154.00 | 192.00 | OK |
Version: 1.92
Check: Rd cross-references
Result: NOTE
Undeclared package ‘mixture’ in Rd xrefs
Flavor: r-devel-linux-x86_64-fedora-clang