CRAN Package Check Results for Package flexCWM

Last updated on 2020-10-23 01:48:54 CEST.

Flavor Version Tinstall Tcheck Ttotal Status Flags
r-devel-linux-x86_64-debian-clang 1.92 14.22 123.33 137.55 OK
r-devel-linux-x86_64-debian-gcc 1.92 12.18 92.62 104.80 OK
r-devel-linux-x86_64-fedora-clang 1.92 182.98 NOTE
r-devel-linux-x86_64-fedora-gcc 1.92 171.58 OK
r-devel-windows-ix86+x86_64 1.92 31.00 140.00 171.00 OK
r-patched-linux-x86_64 1.92 13.27 113.47 126.74 OK
r-patched-solaris-x86 1.92 233.00 OK
r-release-linux-x86_64 1.92 13.20 111.33 124.53 OK
r-release-macos-x86_64 1.92 OK
r-release-windows-ix86+x86_64 1.92 34.00 101.00 135.00 OK
r-oldrel-macos-x86_64 1.92 OK
r-oldrel-windows-ix86+x86_64 1.92 31.00 137.00 168.00 OK

Check Details

Version: 1.92
Check: Rd cross-references
Result: NOTE
    Undeclared package ‘mixture’ in Rd xrefs
Flavor: r-devel-linux-x86_64-fedora-clang