CRAN Package Check Results for Package flexOR

Last updated on 2024-07-15 07:48:59 CEST.

Flavor Version Tinstall Tcheck Ttotal Status Flags
r-devel-linux-x86_64-debian-clang 1.0.0 3.88 63.29 67.17 OK
r-devel-linux-x86_64-debian-gcc 1.0.0 3.23 46.35 49.58 OK
r-devel-linux-x86_64-fedora-clang 1.0.0 85.97 OK
r-devel-linux-x86_64-fedora-gcc 1.0.0 90.34 OK
r-devel-windows-x86_64 1.0.0 4.00 70.00 74.00 NOTE
r-patched-linux-x86_64 1.0.0 2.66 61.55 64.21 OK
r-release-linux-x86_64 1.0.0 4.13 60.53 64.66 OK
r-release-macos-arm64 1.0.0 37.00 OK
r-release-macos-x86_64 1.0.0 51.00 OK
r-release-windows-x86_64 1.0.0 4.00 70.00 74.00 OK
r-oldrel-macos-arm64 1.0.0 39.00 OK
r-oldrel-macos-x86_64 1.0.0 85.00 OK
r-oldrel-windows-x86_64 1.0.0 6.00 77.00 83.00 OK

Check Details

Version: 1.0.0
Check: Rd cross-references
Result: NOTE Found the following Rd file(s) with Rd \link{} targets missing package anchors: AICc.Rd: gam Please provide package anchors for all Rd \link{} targets not in the package itself and the base packages. Flavor: r-devel-windows-x86_64