CRAN Package Check Results for Package flexOR

Last updated on 2025-01-17 15:49:44 CET.

Flavor Version Tinstall Tcheck Ttotal Status Flags
r-devel-linux-x86_64-debian-clang 1.0.0 3.05 48.16 51.21 NOTE
r-devel-linux-x86_64-debian-gcc 1.0.0 1.65 35.80 37.45 NOTE
r-devel-linux-x86_64-fedora-clang 1.0.0 83.45 OK
r-devel-linux-x86_64-fedora-gcc 1.0.0 94.27 OK
r-devel-windows-x86_64 1.0.0 5.00 70.00 75.00 NOTE
r-patched-linux-x86_64 1.0.0 3.11 45.61 48.72 OK
r-release-linux-x86_64 1.0.0 2.32 46.23 48.55 OK
r-release-macos-arm64 1.0.0 37.00 OK
r-release-macos-x86_64 1.0.0 51.00 OK
r-release-windows-x86_64 1.0.0 6.00 73.00 79.00 OK
r-oldrel-macos-arm64 1.0.0 39.00 OK
r-oldrel-macos-x86_64 1.0.0 85.00 OK
r-oldrel-windows-x86_64 1.0.0 5.00 72.00 77.00 OK

Check Details

Version: 1.0.0
Check: Rd cross-references
Result: NOTE Found the following Rd file(s) with Rd \link{} targets missing package anchors: AICc.Rd: gam Please provide package anchors for all Rd \link{} targets not in the package itself and the base packages. Flavors: r-devel-linux-x86_64-debian-clang, r-devel-linux-x86_64-debian-gcc, r-devel-windows-x86_64