CRAN Package Check Results for Package flexmet

Last updated on 2020-07-13 12:48:49 CEST.

Flavor Version Tinstall Tcheck Ttotal Status Flags
r-devel-linux-x86_64-debian-clang 1.0.0.0 3.38 46.93 50.31 NOTE
r-devel-linux-x86_64-debian-gcc 1.0.0.0 2.99 33.33 36.32 NOTE
r-devel-linux-x86_64-fedora-clang 1.0.0.0 64.88 OK
r-devel-linux-x86_64-fedora-gcc 1.0.0.0 61.72 OK
r-devel-windows-ix86+x86_64 1.0.0.0 10.00 69.00 79.00 NOTE
r-patched-linux-x86_64 1.0.0.0 3.35 45.66 49.01 NOTE
r-patched-solaris-x86 1.0.0.0 80.40 OK
r-release-linux-x86_64 1.0.0.0 3.87 45.78 49.65 NOTE
r-release-macos-x86_64 1.0.0.0 ERROR
r-release-windows-ix86+x86_64 1.0.0.0 10.00 50.00 60.00 NOTE
r-oldrel-macos-x86_64 1.0.0.0 OK
r-oldrel-windows-ix86+x86_64 1.0.0.0 7.00 48.00 55.00 OK

Check Details

Version: 1.0.0.0
Check: package vignettes
Result: NOTE
    Package vignette with placeholder title 'Vignette Title':
     'fmp.Rmd'
Flavors: r-devel-linux-x86_64-debian-clang, r-devel-linux-x86_64-debian-gcc, r-devel-windows-ix86+x86_64, r-patched-linux-x86_64, r-release-linux-x86_64, r-release-windows-ix86+x86_64

Version: 1.0.0.0
Check: whether package can be installed
Result: ERROR
    Installation failed.
Flavor: r-release-macos-x86_64