CRAN Package Check Results for Package flexmet

Last updated on 2019-12-10 18:51:29 CET.

Flavor Version Tinstall Tcheck Ttotal Status Flags
r-devel-linux-x86_64-debian-clang 1.0.0.0 3.24 46.27 49.51 NOTE
r-devel-linux-x86_64-debian-gcc 1.0.0.0 2.77 33.63 36.40 NOTE
r-devel-linux-x86_64-fedora-clang 1.0.0.0 59.54 OK
r-devel-linux-x86_64-fedora-gcc 1.0.0.0 59.51 OK
r-devel-windows-ix86+x86_64 1.0.0.0 6.00 69.00 75.00 NOTE
r-devel-windows-ix86+x86_64-gcc8 1.0.0.0 7.00 54.00 61.00 NOTE
r-patched-linux-x86_64 1.0.0.0 2.57 40.91 43.48 OK
r-patched-solaris-x86 1.0.0.0 74.70 OK
r-release-linux-x86_64 1.0.0.0 3.03 41.42 44.45 OK
r-release-windows-ix86+x86_64 1.0.0.0 6.00 50.00 56.00 OK
r-release-osx-x86_64 1.0.0.0 OK
r-oldrel-windows-ix86+x86_64 1.0.0.0 5.00 54.00 59.00 OK
r-oldrel-osx-x86_64 1.0.0.0 OK

Check Details

Version: 1.0.0.0
Check: package vignettes
Result: NOTE
    Package vignette with placeholder title 'Vignette Title':
     'fmp.Rmd'
Flavors: r-devel-linux-x86_64-debian-clang, r-devel-linux-x86_64-debian-gcc, r-devel-windows-ix86+x86_64, r-devel-windows-ix86+x86_64-gcc8