CRAN Package Check Results for Package flexsurvcure

Last updated on 2021-05-15 22:50:10 CEST.

Flavor Version Tinstall Tcheck Ttotal Status Flags
r-devel-linux-x86_64-debian-clang 1.2.0 10.38 111.50 121.88 NOTE
r-devel-linux-x86_64-debian-gcc 1.2.0 7.62 83.27 90.89 NOTE
r-devel-linux-x86_64-fedora-clang 1.2.0 157.57 NOTE
r-devel-linux-x86_64-fedora-gcc 1.2.0 140.93 NOTE
r-devel-windows-ix86+x86_64 1.2.0 26.00 132.00 158.00 NOTE
r-devel-windows-x86_64-gcc10-UCRT 1.2.0 NOTE
r-patched-linux-x86_64 1.2.0 14.32 105.75 120.07 NOTE
r-patched-solaris-x86 1.2.0 206.90 NOTE
r-release-linux-x86_64 1.2.0 7.81 103.18 110.99 OK
r-release-macos-x86_64 1.2.0 OK
r-release-windows-ix86+x86_64 1.2.0 19.00 140.00 159.00 OK
r-oldrel-macos-x86_64 1.2.0 OK
r-oldrel-windows-ix86+x86_64 1.2.0 16.00 138.00 154.00 OK

Check Details

Version: 1.2.0
Check: LazyData
Result: NOTE
     'LazyData' is specified without a 'data' directory
Flavors: r-devel-linux-x86_64-debian-clang, r-devel-linux-x86_64-debian-gcc, r-devel-linux-x86_64-fedora-clang, r-devel-linux-x86_64-fedora-gcc, r-devel-windows-ix86+x86_64, r-devel-windows-x86_64-gcc10-UCRT, r-patched-linux-x86_64, r-patched-solaris-x86