CRAN Package Check Results for Package flipdownr

Last updated on 2024-07-22 17:55:16 CEST.

Flavor Version Tinstall Tcheck Ttotal Status Flags
r-devel-linux-x86_64-debian-clang 0.1.1 2.21 20.83 23.04 NOTE
r-devel-linux-x86_64-debian-gcc 0.1.1 1.55 16.16 17.71 NOTE
r-devel-linux-x86_64-fedora-clang 0.1.1 29.61 NOTE
r-devel-linux-x86_64-fedora-gcc 0.1.1 27.65 NOTE
r-devel-windows-x86_64 0.1.1 3.00 37.00 40.00 NOTE
r-patched-linux-x86_64 0.1.1 1.36 19.92 21.28 NOTE
r-release-linux-x86_64 0.1.1 2.06 19.52 21.58 NOTE
r-release-macos-arm64 0.1.1 14.00 NOTE
r-release-macos-x86_64 0.1.1 20.00 NOTE
r-release-windows-x86_64 0.1.1 3.00 37.00 40.00 NOTE
r-oldrel-macos-arm64 0.1.1 16.00 NOTE
r-oldrel-macos-x86_64 0.1.1 19.00 NOTE
r-oldrel-windows-x86_64 0.1.1 3.00 38.00 41.00 NOTE

Check Details

Version: 0.1.1
Check: LazyData
Result: NOTE 'LazyData' is specified without a 'data' directory Flavors: r-devel-linux-x86_64-debian-clang, r-devel-linux-x86_64-debian-gcc, r-devel-linux-x86_64-fedora-clang, r-devel-linux-x86_64-fedora-gcc, r-devel-windows-x86_64, r-patched-linux-x86_64, r-release-linux-x86_64, r-release-macos-arm64, r-release-macos-x86_64, r-release-windows-x86_64, r-oldrel-macos-arm64, r-oldrel-macos-x86_64, r-oldrel-windows-x86_64