CRAN Package Check Results for Package flock

Last updated on 2024-04-19 07:56:41 CEST.

Flavor Version Tinstall Tcheck Ttotal Status Flags
r-devel-linux-x86_64-debian-clang 0.7 19.86 27.18 47.04 OK
r-devel-linux-x86_64-debian-gcc 0.7 OK
r-devel-linux-x86_64-fedora-clang 0.7 65.98 NOTE
r-devel-linux-x86_64-fedora-gcc 0.7 60.39 NOTE
r-prerel-macos-arm64 0.7 21.00 OK
r-prerel-windows-x86_64 0.7 19.00 67.00 86.00 OK
r-patched-linux-x86_64 0.7 21.25 26.28 47.53 OK
r-release-linux-x86_64 0.7 19.64 26.20 45.84 OK
r-release-macos-arm64 0.7 22.00 OK
r-release-macos-x86_64 0.7 32.00 OK
r-release-windows-x86_64 0.7 20.00 62.00 82.00 OK
r-oldrel-macos-arm64 0.7 23.00 OK
r-oldrel-windows-x86_64 0.7 22.00 65.00 87.00 OK

Check Details

Version: 0.7
Check: compiled code
Result: NOTE File ‘flock/libs/flock.so’: Found no calls to: ‘R_registerRoutines’, ‘R_useDynamicSymbols’ It is good practice to register native routines and to disable symbol search. See ‘Writing portable packages’ in the ‘Writing R Extensions’ manual. Flavors: r-devel-linux-x86_64-fedora-clang, r-devel-linux-x86_64-fedora-gcc