Last updated on 2023-02-07 21:54:16 CET.
Flavor | Version | Tinstall | Tcheck | Ttotal | Status | Flags |
---|---|---|---|---|---|---|
r-devel-linux-x86_64-debian-clang | 0.7 | 22.99 | 27.89 | 50.88 | OK | |
r-devel-linux-x86_64-debian-gcc | 0.7 | 13.45 | 21.52 | 34.97 | OK | |
r-devel-linux-x86_64-fedora-clang | 0.7 | 64.50 | NOTE | |||
r-devel-linux-x86_64-fedora-gcc | 0.7 | 57.61 | NOTE | |||
r-devel-windows-x86_64 | 0.7 | 46.00 | 74.00 | 120.00 | OK | |
r-patched-linux-x86_64 | 0.7 | 15.64 | 27.24 | 42.88 | OK | |
r-release-linux-x86_64 | 0.7 | 13.63 | 27.64 | 41.27 | OK | |
r-release-macos-arm64 | 0.7 | 21.00 | OK | |||
r-release-macos-x86_64 | 0.7 | 34.00 | OK | |||
r-release-windows-x86_64 | 0.7 | 22.00 | 77.00 | 99.00 | OK | |
r-oldrel-macos-arm64 | 0.7 | 28.00 | OK | |||
r-oldrel-macos-x86_64 | 0.7 | 40.00 | OK | |||
r-oldrel-windows-ix86+x86_64 | 0.7 | 48.00 | 81.00 | 129.00 | OK |
Version: 0.7
Check: compiled code
Result: NOTE
File ‘flock/libs/flock.so’:
Found no calls to: ‘R_registerRoutines’, ‘R_useDynamicSymbols’
It is good practice to register native routines and to disable symbol
search.
See ‘Writing portable packages’ in the ‘Writing R Extensions’ manual.
Flavors: r-devel-linux-x86_64-fedora-clang, r-devel-linux-x86_64-fedora-gcc