Last updated on 2025-01-22 20:49:29 CET.
Flavor | Version | Tinstall | Tcheck | Ttotal | Status | Flags |
---|---|---|---|---|---|---|
r-devel-linux-x86_64-debian-clang | 0.3.4 | 40.74 | 57.58 | 98.32 | OK | |
r-devel-linux-x86_64-debian-gcc | 0.3.4 | 33.13 | 43.92 | 77.05 | OK | |
r-devel-linux-x86_64-fedora-clang | 0.3.4 | 152.41 | OK | |||
r-devel-linux-x86_64-fedora-gcc | 0.3.4 | 146.16 | OK | |||
r-devel-windows-x86_64 | 0.3.4 | 39.00 | 72.00 | 111.00 | OK | |
r-patched-linux-x86_64 | 0.3.4 | 37.73 | 53.97 | 91.70 | OK | |
r-release-linux-x86_64 | 0.3.4 | 36.86 | 54.35 | 91.21 | OK | |
r-release-macos-arm64 | 0.3.4 | 56.00 | NOTE | |||
r-release-macos-x86_64 | 0.3.4 | 77.00 | NOTE | |||
r-release-windows-x86_64 | 0.3.4 | 40.00 | 73.00 | 113.00 | NOTE | |
r-oldrel-macos-arm64 | 0.3.4 | 66.00 | NOTE | |||
r-oldrel-macos-x86_64 | 0.3.4 | 85.00 | NOTE | |||
r-oldrel-windows-x86_64 | 0.3.4 | 45.00 | 82.00 | 127.00 | NOTE |
Version: 0.3.4
Check: installed package size
Result: NOTE
installed size is 8.0Mb
sub-directories of 1Mb or more:
R 7.9Mb
Flavors: r-release-macos-arm64, r-release-macos-x86_64, r-release-windows-x86_64, r-oldrel-macos-arm64, r-oldrel-macos-x86_64, r-oldrel-windows-x86_64