CRAN Package Check Results for Package flora

Last updated on 2024-02-25 18:51:24 CET.

Flavor Version Tinstall Tcheck Ttotal Status Flags
r-devel-linux-x86_64-debian-clang 0.3.4 39.77 72.44 112.21 OK
r-devel-linux-x86_64-debian-gcc 0.3.4 37.73 56.20 93.93 OK
r-devel-linux-x86_64-fedora-clang 0.3.4 150.05 NOTE
r-devel-linux-x86_64-fedora-gcc 0.3.4 152.92 OK
r-devel-windows-x86_64 0.3.4 42.00 72.00 114.00 NOTE
r-patched-linux-x86_64 0.3.4 40.01 69.89 109.90 OK
r-release-linux-x86_64 0.3.4 42.15 69.00 111.15 OK
r-release-macos-arm64 0.3.4 66.00 NOTE
r-release-macos-x86_64 0.3.4 85.00 NOTE
r-release-windows-x86_64 0.3.4 50.00 84.00 134.00 NOTE
r-oldrel-macos-arm64 0.3.4 61.00 NOTE
r-oldrel-windows-x86_64 0.3.4 54.00 79.00 133.00 NOTE

Check Details

Version: 0.3.4
Check: installed package size
Result: NOTE installed size is 7.2Mb sub-directories of 1Mb or more: R 7.0Mb Flavors: r-devel-linux-x86_64-fedora-clang, r-devel-windows-x86_64, r-release-macos-arm64, r-release-macos-x86_64, r-release-windows-x86_64, r-oldrel-macos-arm64, r-oldrel-windows-x86_64