CRAN Package Check Results for Package flow

Last updated on 2021-10-24 11:51:07 CEST.

Flavor Version Tinstall Tcheck Ttotal Status Flags
r-devel-linux-x86_64-debian-clang 0.0.2 4.36 46.78 51.14 OK
r-devel-linux-x86_64-debian-gcc 0.0.2 3.46 35.74 39.20 OK
r-devel-linux-x86_64-fedora-clang 0.0.2 73.70 NOTE
r-devel-linux-x86_64-fedora-gcc 0.0.2 64.26 NOTE
r-devel-windows-x86_64 0.0.2 8.00 71.00 79.00 OK
r-devel-windows-x86_64-gcc10-UCRT 0.0.2 NOTE
r-patched-linux-x86_64 0.0.2 4.92 46.09 51.01 OK
r-patched-solaris-x86 0.0.2 80.40 NOTE
r-release-linux-x86_64 0.0.2 4.66 45.64 50.30 OK
r-release-macos-arm64 0.0.2 NOTE
r-release-macos-x86_64 0.0.2 NOTE
r-release-windows-ix86+x86_64 0.0.2 6.00 67.00 73.00 OK
r-oldrel-macos-x86_64 0.0.2 NOTE
r-oldrel-windows-ix86+x86_64 0.0.2 9.00 67.00 76.00 OK

Check Details

Version: 0.0.2
Check: dependencies in R code
Result: NOTE
    Namespace in Imports field not imported from: ‘nomnoml’
     All declared Imports should be used.
Flavors: r-devel-linux-x86_64-fedora-clang, r-devel-linux-x86_64-fedora-gcc, r-devel-windows-x86_64-gcc10-UCRT, r-patched-solaris-x86, r-release-macos-arm64, r-release-macos-x86_64, r-oldrel-macos-x86_64