CRAN Package Check Results for Package flps

Last updated on 2024-02-25 19:49:57 CET.

Flavor Version Tinstall Tcheck Ttotal Status Flags
r-devel-linux-x86_64-debian-clang 1.0.0 30.45 2167.71 2198.16 ERROR
r-devel-linux-x86_64-debian-gcc 1.0.0 23.99 286.50 310.49 OK
r-devel-linux-x86_64-fedora-clang 1.0.0 430.30 OK
r-devel-linux-x86_64-fedora-gcc 1.0.0 517.58 OK
r-devel-windows-x86_64 1.0.0 17.00 240.00 257.00 OK
r-patched-linux-x86_64 1.0.0 19.84 377.09 396.93 OK
r-release-linux-x86_64 1.0.0 23.04 383.16 406.20 OK
r-release-macos-arm64 1.0.0 163.00 OK
r-release-macos-x86_64 1.0.0 259.00 OK
r-release-windows-x86_64 1.0.0 21.00 296.00 317.00 OK
r-oldrel-macos-arm64 1.0.0 124.00 OK
r-oldrel-windows-x86_64 1.0.0 21.00 282.00 303.00 OK

Check Details

Version: 1.0.0
Check: tests
Result: ERROR Running ‘testthat.R’ [33m/41m] Running the tests in ‘tests/testthat.R’ failed. Complete output: > library(testthat) > library(flps) Version: 1.0.0 It is a demo. Acknowledgements. It is supported by the Institute of Education Sciences, U.S. Department of Education, through Grant R305D210036. > > test_check("flps") SAMPLING FOR MODEL 'anon_model' NOW (CHAIN 1). Chain 1: Chain 1: Gradient evaluation took 0.001057 seconds Chain 1: 1000 transitions using 10 leapfrog steps per transition would take 10.57 seconds. Chain 1: Adjust your expectations accordingly! Chain 1: Chain 1: Chain 1: WARNING: No variance estimation is Chain 1: performed for num_warmup < 20 Chain 1: Chain 1: Iteration: 1 / 10 [ 10%] (Warmup) Chain 1: Iteration: 2 / 10 [ 20%] (Warmup) Chain 1: Iteration: 3 / 10 [ 30%] (Warmup) Chain 1: Iteration: 4 / 10 [ 40%] (Warmup) Chain 1: Iteration: 5 / 10 [ 50%] (Warmup) Chain 1: Iteration: 6 / 10 [ 60%] (Sampling) Chain 1: Iteration: 7 / 10 [ 70%] (Sampling) Chain 1: Iteration: 8 / 10 [ 80%] (Sampling) Chain 1: Iteration: 9 / 10 [ 90%] (Sampling) Chain 1: Iteration: 10 / 10 [100%] (Sampling) Chain 1: Chain 1: Elapsed Time: 0.007 seconds (Warm-up) Chain 1: 0.004 seconds (Sampling) Chain 1: 0.011 seconds (Total) Chain 1: [ FAIL 0 | WARN 0 | SKIP 0 | PASS 9 ] > > proc.time() user system elapsed 196.265 4.953 222.891 Assertion failure at kmp_runtime.cpp(6891): temp_reg_status_file_name. OMP: Error #13: Assertion failure at kmp_runtime.cpp(6891). OMP: Hint Please submit a bug report with this message, compile and run commands used, and machine configuration info including native compiler and operating system versions. Faster response will be obtained by including all program sources. For information on submitting this issue, please see https://github.com/llvm/llvm-project/issues/. Assertion failure at kmp_runtime.cpp(6891): temp_reg_status_file_name. OMP: Error #13: Assertion failure at kmp_runtime.cpp(6891). OMP: Hint Please submit a bug report with this message, compile and run commands used, and machine configuration info including native compiler and operating system versions. Faster response will be obtained by including all program sources. For information on submitting this issue, please see https://github.com/llvm/llvm-project/issues/. Killed Flavor: r-devel-linux-x86_64-debian-clang