CRAN Package Check Results for Package flux

Last updated on 2021-10-20 11:52:45 CEST.

Flavor Version Tinstall Tcheck Ttotal Status Flags
r-devel-linux-x86_64-debian-clang 0.3-0 6.37 48.53 54.90 NOTE
r-devel-linux-x86_64-debian-gcc 0.3-0 5.44 36.78 42.22 NOTE
r-devel-linux-x86_64-fedora-clang 0.3-0 76.76 NOTE
r-devel-linux-x86_64-fedora-gcc 0.3-0 66.58 NOTE
r-devel-windows-x86_64 0.3-0 9.00 67.00 76.00 NOTE
r-devel-windows-x86_64-gcc10-UCRT 0.3-0 NOTE
r-patched-linux-x86_64 0.3-0 7.51 47.22 54.73 NOTE
r-patched-solaris-x86 0.3-0 86.50 NOTE
r-release-linux-x86_64 0.3-0 6.37 47.32 53.69 NOTE
r-release-macos-arm64 0.3-0 NOTE
r-release-macos-x86_64 0.3-0 NOTE
r-release-windows-ix86+x86_64 0.3-0 8.00 68.00 76.00 NOTE
r-oldrel-macos-x86_64 0.3-0 NOTE
r-oldrel-windows-ix86+x86_64 0.3-0 11.00 67.00 78.00 NOTE

Check Details

Version: 0.3-0
Check: R code for possible problems
Result: NOTE
    export: no visible global function definition for 'write.table'
    flux.odae : <anonymous>: no visible global function definition for
     'combn'
    mf.flux: no visible global function definition for 'runsd'
    plot.fluss: no visible global function definition for 'dev.new'
    plot.fluss: no visible global function definition for 'pdf'
    plot.fluss: no visible global function definition for 'dev.off'
    plot.fluxes: no visible global function definition for 'dev.new'
    plot.fluxes: no visible global function definition for 'devAskNewPage'
    plot.fluxes: no visible global function definition for 'pdf'
    plot.fluxes: no visible global function definition for 'dev.off'
    plot.fluxxes: no visible global function definition for 'dev.new'
    plot.fluxxes: no visible global function definition for 'devAskNewPage'
    plot.fluxxes: no visible global function definition for 'pdf'
    plot.fluxxes: no visible global function definition for 'dev.off'
    reco.bulk : get.out: no visible global function definition for
     'boxplot.stats'
    Undefined global functions or variables:
     boxplot.stats combn dev.new dev.off devAskNewPage pdf runsd
     write.table
    Consider adding
     importFrom("grDevices", "boxplot.stats", "dev.new", "dev.off",
     "devAskNewPage", "pdf")
     importFrom("utils", "combn", "write.table")
    to your NAMESPACE file.
Flavors: r-devel-linux-x86_64-debian-clang, r-devel-linux-x86_64-debian-gcc, r-devel-linux-x86_64-fedora-clang, r-devel-linux-x86_64-fedora-gcc, r-devel-windows-x86_64, r-devel-windows-x86_64-gcc10-UCRT, r-patched-linux-x86_64, r-patched-solaris-x86, r-release-linux-x86_64, r-release-macos-arm64, r-release-macos-x86_64, r-release-windows-ix86+x86_64, r-oldrel-macos-x86_64, r-oldrel-windows-ix86+x86_64

Version: 0.3-0
Check: for non-standard things in the check directory
Result: NOTE
    Found the following files/directories:
     'flux.CH4.txt'
Flavors: r-devel-linux-x86_64-debian-clang, r-devel-linux-x86_64-debian-gcc, r-devel-linux-x86_64-fedora-clang, r-devel-linux-x86_64-fedora-gcc, r-patched-linux-x86_64, r-patched-solaris-x86, r-release-linux-x86_64

Version: 0.3-0
Check: Rd cross-references
Result: NOTE
    Undeclared package ‘HMR’ in Rd xrefs
Flavor: r-devel-linux-x86_64-fedora-clang