CRAN Package Check Results for Package fmerPack

Last updated on 2021-07-30 22:57:26 CEST.

Flavor Version Tinstall Tcheck Ttotal Status Flags
r-devel-linux-x86_64-debian-clang 0.0-1 OK
r-devel-linux-x86_64-debian-gcc 0.0-1 27.97 72.08 100.05 OK
r-devel-linux-x86_64-fedora-clang 0.0-1 180.74 NOTE
r-devel-linux-x86_64-fedora-gcc 0.0-1 166.50 NOTE
r-devel-windows-x86_64 0.0-1 42.00 117.00 159.00 OK
r-devel-windows-x86_64-gcc10-UCRT 0.0-1 NOTE
r-patched-linux-x86_64 0.0-1 OK
r-patched-solaris-x86 0.0-1 213.70 NOTE
r-release-linux-x86_64 0.0-1 34.42 94.55 128.97 OK
r-release-macos-arm64 0.0-1 NOTE
r-release-macos-x86_64 0.0-1 NOTE
r-release-windows-ix86+x86_64 0.0-1 98.00 130.00 228.00 OK
r-oldrel-macos-x86_64 0.0-1 NOTE
r-oldrel-windows-ix86+x86_64 0.0-1 74.00 168.00 242.00 OK

Check Details

Version: 0.0-1
Check: dependencies in R code
Result: NOTE
    Namespace in Imports field not imported from: ‘MASS’
     All declared Imports should be used.
Flavors: r-devel-linux-x86_64-fedora-clang, r-devel-linux-x86_64-fedora-gcc, r-devel-windows-x86_64-gcc10-UCRT, r-patched-solaris-x86, r-release-macos-arm64, r-release-macos-x86_64, r-oldrel-macos-x86_64