CRAN Package Check Results for Package fmsb

Last updated on 2020-09-29 09:48:55 CEST.

Flavor Version Tinstall Tcheck Ttotal Status Flags
r-devel-linux-x86_64-debian-clang 0.7.0 5.34 37.70 43.04 OK
r-devel-linux-x86_64-debian-gcc 0.7.0 3.70 28.53 32.23 OK
r-devel-linux-x86_64-fedora-clang 0.7.0 58.23 NOTE
r-devel-linux-x86_64-fedora-gcc 0.7.0 48.64 OK
r-devel-windows-ix86+x86_64 0.7.0 9.00 49.00 58.00 OK
r-patched-linux-x86_64 0.7.0 4.50 35.50 40.00 OK
r-patched-solaris-x86 0.7.0 64.90 OK
r-release-linux-x86_64 0.7.0 4.54 35.83 40.37 OK
r-release-macos-x86_64 0.7.0 OK
r-release-windows-ix86+x86_64 0.7.0 8.00 45.00 53.00 OK
r-oldrel-macos-x86_64 0.7.0 OK
r-oldrel-windows-ix86+x86_64 0.7.0 13.00 56.00 69.00 OK

Check Details

Version: 0.7.0
Check: Rd cross-references
Result: NOTE
    Undeclared packages ‘vcd’, ‘Epi’ in Rd xrefs
Flavor: r-devel-linux-x86_64-fedora-clang