CRAN Package Check Results for Package focusedMDS

Last updated on 2023-12-03 12:48:24 CET.

Flavor Version Tinstall Tcheck Ttotal Status Flags
r-devel-linux-x86_64-debian-clang 1.3.3 3.10 27.52 30.62 NOTE
r-devel-linux-x86_64-debian-gcc 1.3.3 2.58 21.63 24.21 NOTE
r-devel-linux-x86_64-fedora-clang 1.3.3 38.12 NOTE
r-devel-linux-x86_64-fedora-gcc 1.3.3 36.79 NOTE
r-devel-windows-x86_64 1.3.3 4.00 42.00 46.00 NOTE
r-patched-linux-x86_64 1.3.3 1.88 27.32 29.20 NOTE
r-release-linux-x86_64 1.3.3 2.01 26.90 28.91 NOTE
r-release-macos-arm64 1.3.3 19.00 NOTE
r-release-macos-x86_64 1.3.3 24.00 NOTE
r-release-windows-x86_64 1.3.3 5.00 43.00 48.00 NOTE
r-oldrel-macos-arm64 1.3.3 18.00 NOTE
r-oldrel-macos-x86_64 1.3.3 22.00 NOTE
r-oldrel-windows-x86_64 1.3.3 5.00 47.00 52.00 NOTE

Check Details

Version: 1.3.3
Check: LazyData
Result: NOTE 'LazyData' is specified without a 'data' directory Flavors: r-devel-linux-x86_64-debian-clang, r-devel-linux-x86_64-debian-gcc, r-devel-linux-x86_64-fedora-clang, r-devel-linux-x86_64-fedora-gcc, r-devel-windows-x86_64, r-patched-linux-x86_64, r-release-linux-x86_64, r-release-macos-arm64, r-release-macos-x86_64, r-release-windows-x86_64, r-oldrel-macos-arm64, r-oldrel-macos-x86_64, r-oldrel-windows-x86_64