CRAN Package Check Results for Package folderfun

Last updated on 2020-04-09 00:50:26 CEST.

Flavor Version Tinstall Tcheck Ttotal Status Flags
r-devel-linux-x86_64-debian-clang 0.1.2 1.79 23.13 24.92 ERROR
r-devel-linux-x86_64-debian-gcc 0.1.2 1.61 18.70 20.31 OK
r-devel-linux-x86_64-fedora-clang 0.1.2 30.27 OK
r-devel-linux-x86_64-fedora-gcc 0.1.2 30.06 OK
r-devel-windows-ix86+x86_64 0.1.2 5.00 48.00 53.00 OK
r-devel-windows-ix86+x86_64-gcc8 0.1.2 7.00 35.00 42.00 OK
r-patched-linux-x86_64 0.1.2 1.59 22.68 24.27 OK
r-patched-solaris-x86 0.1.2 47.90 OK
r-release-linux-x86_64 0.1.2 1.34 21.26 22.60 OK
r-release-windows-ix86+x86_64 0.1.2 4.00 48.00 52.00 OK
r-release-osx-x86_64 0.1.2 OK
r-oldrel-windows-ix86+x86_64 0.1.2 4.00 35.00 39.00 OK
r-oldrel-osx-x86_64 0.1.2 OK

Check Details

Version: 0.1.2
Check: tests
Result: ERROR
     Running 'testthat.R' [2s/3s]
    Running the tests in 'tests/testthat.R' failed.
    Complete output:
     > library("testthat")
     > library("folderfun")
     >
     > test_check("folderfun")
     -- 1. Failure: Exact name lookup precedes case variation (@test_setff.R#205) --
     setff(mixedVar)() not equal to `exactVal`.
     1/1 mismatches
     x[1]: "lower"
     y[1]: "exact"
    
     -- 2. Failure: Exact name lookup precedes case variation (@test_setff.R#205) --
     setff(mixedVar)() not equal to `exactVal`.
     1/1 mismatches
     x[1]: "lower"
     y[1]: "exact"
    
     == testthat results ===========================================================
     [ OK: 178 | SKIPPED: 0 | WARNINGS: 0 | FAILED: 2 ]
     1. Failure: Exact name lookup precedes case variation (@test_setff.R#205)
     2. Failure: Exact name lookup precedes case variation (@test_setff.R#205)
    
     Error: testthat unit tests failed
     Execution halted
Flavor: r-devel-linux-x86_64-debian-clang