Last updated on 2023-03-29 00:57:07 CEST.
Flavor | Version | Tinstall | Tcheck | Ttotal | Status | Flags |
---|---|---|---|---|---|---|
r-devel-linux-x86_64-debian-clang | 1.3.0 | 2.31 | 24.65 | 26.96 | OK | |
r-devel-linux-x86_64-debian-gcc | 1.3.0 | 2.04 | 19.53 | 21.57 | OK | |
r-devel-linux-x86_64-fedora-clang | 1.3.0 | 35.43 | NOTE | |||
r-devel-linux-x86_64-fedora-gcc | 1.3.0 | 33.85 | NOTE | |||
r-devel-windows-x86_64 | 1.3.0 | 25.00 | 0.00 | 25.00 | OK | |
r-patched-linux-x86_64 | 1.3.0 | 3.81 | 24.34 | 28.15 | OK | |
r-release-linux-x86_64 | 1.3.0 | 2.93 | 25.63 | 28.56 | OK | |
r-release-macos-arm64 | 1.3.0 | 17.00 | NOTE | |||
r-release-macos-x86_64 | 1.3.0 | 24.00 | NOTE | |||
r-release-windows-x86_64 | 1.3.0 | 29.00 | 56.00 | 85.00 | OK | |
r-oldrel-macos-arm64 | 1.3.0 | 17.00 | NOTE | |||
r-oldrel-macos-x86_64 | 1.3.0 | 28.00 | NOTE | |||
r-oldrel-windows-ix86+x86_64 | 1.3.0 | 6.00 | 46.00 | 52.00 | OK |
Version: 1.3.0
Check: data for non-ASCII characters
Result: NOTE
Note: found 446 marked UTF-8 strings
Flavors: r-devel-linux-x86_64-fedora-clang, r-devel-linux-x86_64-fedora-gcc, r-release-macos-arm64, r-release-macos-x86_64, r-oldrel-macos-arm64, r-oldrel-macos-x86_64