CRAN Package Check Results for Package folio

Last updated on 2024-04-23 14:50:19 CEST.

Flavor Version Tinstall Tcheck Ttotal Status Flags
r-devel-linux-x86_64-debian-clang 1.4.0 1.97 29.99 31.96 OK
r-devel-linux-x86_64-debian-gcc 1.4.0 1.99 22.56 24.55 OK
r-devel-linux-x86_64-fedora-clang 1.4.0 40.37 NOTE
r-devel-linux-x86_64-fedora-gcc 1.4.0 39.28 NOTE
r-prerel-macos-arm64 1.4.0 17.00 OK
r-prerel-macos-x86_64 1.4.0 39.00 OK
r-prerel-windows-x86_64 1.4.0 3.00 50.00 53.00 OK
r-patched-linux-x86_64 1.4.0 4.34 28.14 32.48 OK
r-release-linux-x86_64 1.4.0 2.46 28.25 30.71 OK
r-release-macos-arm64 1.4.0 21.00 OK
r-release-macos-x86_64 1.4.0 36.00 OK
r-release-windows-x86_64 1.4.0 6.00 51.00 57.00 OK
r-oldrel-macos-arm64 1.4.0 21.00 OK
r-oldrel-windows-x86_64 1.4.0 5.00 43.00 48.00 OK

Check Details

Version: 1.4.0
Check: data for non-ASCII characters
Result: NOTE Note: found 446 marked UTF-8 strings Flavors: r-devel-linux-x86_64-fedora-clang, r-devel-linux-x86_64-fedora-gcc