CRAN Package Check Results for Package folio

Last updated on 2022-05-25 10:53:17 CEST.

Flavor Version Tinstall Tcheck Ttotal Status Flags
r-devel-linux-x86_64-debian-clang 1.1.0 2.06 32.24 34.30 OK
r-devel-linux-x86_64-debian-gcc 1.1.0 1.53 24.51 26.04 OK
r-devel-linux-x86_64-fedora-clang 1.1.0 41.12 NOTE
r-devel-linux-x86_64-fedora-gcc 1.1.0 41.28 NOTE
r-devel-windows-x86_64 1.1.0 20.00 49.00 69.00 OK
r-patched-linux-x86_64 1.1.0 3.15 30.47 33.62 OK
r-release-linux-x86_64 1.1.0 OK
r-release-macos-arm64 1.1.0 15.00 NOTE
r-release-macos-x86_64 1.1.0 25.00 NOTE
r-release-windows-x86_64 1.1.0 19.00 46.00 65.00 OK
r-oldrel-macos-arm64 1.1.0 14.00 NOTE
r-oldrel-macos-x86_64 1.1.0 22.00 NOTE
r-oldrel-windows-ix86+x86_64 1.1.0 5.00 37.00 42.00 OK

Check Details

Version: 1.1.0
Check: data for non-ASCII characters
Result: NOTE
     Note: found 46 marked UTF-8 strings
Flavors: r-devel-linux-x86_64-fedora-clang, r-devel-linux-x86_64-fedora-gcc, r-release-macos-arm64, r-release-macos-x86_64, r-oldrel-macos-arm64, r-oldrel-macos-x86_64