CRAN Package Check Results for Package folio

Last updated on 2022-10-04 13:49:55 CEST.

Flavor Version Tinstall Tcheck Ttotal Status Flags
r-devel-linux-x86_64-debian-clang 1.2.0 3.00 25.35 28.35 OK
r-devel-linux-x86_64-debian-gcc 1.2.0 1.95 19.94 21.89 OK
r-devel-linux-x86_64-fedora-clang 1.2.0 47.12 NOTE
r-devel-linux-x86_64-fedora-gcc 1.2.0 47.57 NOTE
r-devel-windows-x86_64 1.2.0 23.00 54.00 77.00 OK
r-patched-linux-x86_64 1.2.0 3.64 23.62 27.26 OK
r-release-linux-x86_64 1.2.0 2.80 23.00 25.80 OK
r-release-macos-arm64 1.2.0 12.00 NOTE
r-release-macos-x86_64 1.2.0 21.00 NOTE
r-release-windows-x86_64 1.2.0 14.00 47.00 61.00 OK
r-oldrel-macos-arm64 1.2.0 15.00 NOTE
r-oldrel-macos-x86_64 1.2.0 25.00 NOTE
r-oldrel-windows-ix86+x86_64 1.2.0 7.00 56.00 63.00 OK

Check Details

Version: 1.2.0
Check: data for non-ASCII characters
Result: NOTE
     Note: found 154 marked UTF-8 strings
Flavors: r-devel-linux-x86_64-fedora-clang, r-devel-linux-x86_64-fedora-gcc, r-release-macos-arm64, r-release-macos-x86_64, r-oldrel-macos-arm64, r-oldrel-macos-x86_64