CRAN Package Check Results for Package folio

Last updated on 2021-12-08 02:49:04 CET.

Flavor Version Tinstall Tcheck Ttotal Status Flags
r-devel-linux-x86_64-debian-clang 1.0.0 1.92 28.87 30.79 OK
r-devel-linux-x86_64-debian-gcc 1.0.0 1.56 22.98 24.54 OK
r-devel-linux-x86_64-fedora-clang 1.0.0 39.92 NOTE
r-devel-linux-x86_64-fedora-gcc 1.0.0 29.84 NOTE
r-devel-windows-x86_64-new-UL 1.0.0 9.00 51.00 60.00 OK
r-devel-windows-x86_64-new-TK 1.0.0 NOTE
r-devel-windows-x86_64-old 1.0.0 5.00 36.00 41.00 OK
r-patched-linux-x86_64 1.0.0 2.94 28.02 30.96 OK
r-release-linux-x86_64 1.0.0 2.13 28.32 30.45 OK
r-release-macos-arm64 1.0.0 NOTE
r-release-macos-x86_64 1.0.0 NOTE
r-release-windows-ix86+x86_64 1.0.0 6.00 27.00 33.00 OK
r-oldrel-macos-x86_64 1.0.0 NOTE
r-oldrel-windows-ix86+x86_64 1.0.0 5.00 35.00 40.00 OK

Check Details

Version: 1.0.0
Check: data for non-ASCII characters
Result: NOTE
     Note: found 41 marked UTF-8 strings
Flavors: r-devel-linux-x86_64-fedora-clang, r-devel-linux-x86_64-fedora-gcc, r-devel-windows-x86_64-new-TK, r-release-macos-arm64, r-release-macos-x86_64, r-oldrel-macos-x86_64