CRAN Package Check Results for Package fontBitstreamVera

Last updated on 2021-10-19 11:51:31 CEST.

Flavor Version Tinstall Tcheck Ttotal Status Flags
r-devel-linux-x86_64-debian-clang 0.1.1 1.50 9.17 10.67 NOTE
r-devel-linux-x86_64-debian-gcc 0.1.1 1.02 6.96 7.98 NOTE
r-devel-linux-x86_64-fedora-clang 0.1.1 23.32 NOTE
r-devel-linux-x86_64-fedora-gcc 0.1.1 13.35 NOTE
r-devel-windows-x86_64 0.1.1 3.00 21.00 24.00 NOTE
r-devel-windows-x86_64-gcc10-UCRT 0.1.1 NOTE
r-patched-linux-x86_64 0.1.1 1.37 8.60 9.97 NOTE
r-patched-solaris-x86 0.1.1 21.40 NOTE
r-release-linux-x86_64 0.1.1 1.14 9.05 10.19 NOTE
r-release-macos-arm64 0.1.1 NOTE
r-release-macos-x86_64 0.1.1 NOTE
r-release-windows-ix86+x86_64 0.1.1 5.00 14.00 19.00 NOTE
r-oldrel-macos-x86_64 0.1.1 OK
r-oldrel-windows-ix86+x86_64 0.1.1 4.00 14.00 18.00 OK

Check Details

Version: 0.1.1
Check: LazyData
Result: NOTE
     'LazyData' is specified without a 'data' directory
Flavors: r-devel-linux-x86_64-debian-clang, r-devel-linux-x86_64-debian-gcc, r-devel-linux-x86_64-fedora-clang, r-devel-linux-x86_64-fedora-gcc, r-devel-windows-x86_64, r-devel-windows-x86_64-gcc10-UCRT, r-patched-linux-x86_64, r-patched-solaris-x86, r-release-linux-x86_64, r-release-macos-arm64, r-release-macos-x86_64, r-release-windows-ix86+x86_64