CRAN Package Check Results for Package fontMPlus

Last updated on 2021-12-07 13:52:35 CET.

Flavor Version Tinstall Tcheck Ttotal Status Flags
r-devel-linux-x86_64-debian-clang 0.1.1 5.25 64.02 69.27 OK
r-devel-linux-x86_64-debian-gcc 0.1.1 4.33 48.66 52.99 OK
r-devel-linux-x86_64-fedora-clang 0.1.1 83.72 NOTE
r-devel-linux-x86_64-fedora-gcc 0.1.1 76.10 NOTE
r-devel-windows-x86_64-new-UL 0.1.1 18.00 107.00 125.00 OK
r-devel-windows-x86_64-new-TK 0.1.1 NOTE
r-devel-windows-x86_64-old 0.1.1 10.00 81.00 91.00 OK
r-patched-linux-x86_64 0.1.1 9.71 58.67 68.38 OK
r-release-linux-x86_64 0.1.1 4.89 59.05 63.94 OK
r-release-macos-arm64 0.1.1 WARN
r-release-macos-x86_64 0.1.1 WARN
r-release-windows-ix86+x86_64 0.1.1 10.00 76.00 86.00 OK
r-oldrel-macos-x86_64 0.1.1 WARN
r-oldrel-windows-ix86+x86_64 0.1.1 15.00 74.00 89.00 OK

Additional issues

M1mac

Check Details

Version: 0.1.1
Check: dependencies in R code
Result: NOTE
    Namespace in Imports field not imported from: ‘ggplot2’
     All declared Imports should be used.
Flavors: r-devel-linux-x86_64-fedora-clang, r-devel-linux-x86_64-fedora-gcc, r-devel-windows-x86_64-new-TK, r-release-macos-arm64, r-release-macos-x86_64, r-oldrel-macos-x86_64

Version: 0.1.1
Check: re-building of vignette outputs
Result: WARN
    Error(s) in re-building vignettes:
     ...
    --- re-building ‘Using_fontMPlus.Rmd’ using rmarkdown
    Quitting from lines 56-67 (Using_fontMPlus.Rmd)
    Error: processing vignette 'Using_fontMPlus.Rmd' failed with diagnostics:
    polygon edge not found
    --- failed re-building ‘Using_fontMPlus.Rmd’
    
    SUMMARY: processing the following file failed:
     ‘Using_fontMPlus.Rmd’
    
    Error: Vignette re-building failed.
    Execution halted
Flavor: r-release-macos-arm64

Version: 0.1.1
Check: re-building of vignette outputs
Result: WARN
    Error(s) in re-building vignettes:
     ...
    --- re-building ‘Using_fontMPlus.Rmd’ using rmarkdown
    Warning in engine$weave(file, quiet = quiet, encoding = enc) :
     Pandoc (>= 1.12.3) not available. Falling back to R Markdown v1.
    Quitting from lines 56-67 (Using_fontMPlus.Rmd)
    Error: processing vignette 'Using_fontMPlus.Rmd' failed with diagnostics:
    polygon edge not found
    --- failed re-building ‘Using_fontMPlus.Rmd’
    
    SUMMARY: processing the following file failed:
     ‘Using_fontMPlus.Rmd’
    
    Error: Vignette re-building failed.
    Execution halted
Flavor: r-release-macos-x86_64

Version: 0.1.1
Check: re-building of vignette outputs
Result: WARN
    Error(s) in re-building vignettes:
     ...
    --- re-building ‘Using_fontMPlus.Rmd’ using rmarkdown
    Warning in engine$weave(file, quiet = quiet, encoding = enc) :
     Pandoc (>= 1.12.3) and/or pandoc-citeproc not available. Falling back to R Markdown v1.
    Quitting from lines 56-67 (Using_fontMPlus.Rmd)
    Error: processing vignette 'Using_fontMPlus.Rmd' failed with diagnostics:
    polygon edge not found
    --- failed re-building ‘Using_fontMPlus.Rmd’
    
    SUMMARY: processing the following file failed:
     ‘Using_fontMPlus.Rmd’
    
    Error: Vignette re-building failed.
    Execution halted
Flavor: r-oldrel-macos-x86_64