CRAN Package Check Results for Package foodingraph

Last updated on 2020-07-03 21:48:55 CEST.

Flavor Version Tinstall Tcheck Ttotal Status Flags
r-devel-linux-x86_64-debian-clang 0.1.0 8.22 209.12 217.34 OK
r-devel-linux-x86_64-debian-gcc 0.1.0 5.76 166.76 172.52 OK
r-devel-linux-x86_64-fedora-clang 0.1.0 265.76 NOTE
r-devel-linux-x86_64-fedora-gcc 0.1.0 265.44 NOTE
r-devel-windows-ix86+x86_64 0.1.0 29.00 316.00 345.00 OK
r-patched-linux-x86_64 0.1.0 5.53 217.62 223.15 OK
r-patched-solaris-x86 0.1.0 406.30 NOTE
r-release-linux-x86_64 0.1.0 4.84 210.87 215.71 OK
r-release-osx-x86_64 0.1.0 NOTE
r-release-windows-ix86+x86_64 0.1.0 18.00 258.00 276.00 OK
r-oldrel-osx-x86_64 0.1.0 NOTE
r-oldrel-windows-ix86+x86_64 0.1.0 26.00 300.00 326.00 OK

Check Details

Version: 0.1.0
Check: dependencies in R code
Result: NOTE
    Namespace in Imports field not imported from: ‘grid’
     All declared Imports should be used.
Flavors: r-devel-linux-x86_64-fedora-clang, r-devel-linux-x86_64-fedora-gcc, r-patched-solaris-x86, r-release-osx-x86_64, r-oldrel-osx-x86_64

Version: 0.1.0
Check: package dependencies
Result: NOTE
    Package suggested but not available for checking: ‘minet’
Flavor: r-release-osx-x86_64