CRAN Package Check Results for Package foodingraph

Last updated on 2019-12-16 09:51:14 CET.

Flavor Version Tinstall Tcheck Ttotal Status Flags
r-devel-linux-x86_64-debian-clang 0.1.0 7.11 216.48 223.59 OK
r-devel-linux-x86_64-debian-gcc 0.1.0 6.18 172.73 178.91 OK
r-devel-linux-x86_64-fedora-clang 0.1.0 261.65 NOTE
r-devel-linux-x86_64-fedora-gcc 0.1.0 279.11 NOTE
r-devel-windows-ix86+x86_64 0.1.0 22.00 321.00 343.00 OK
r-devel-windows-ix86+x86_64-gcc8 0.1.0 20.00 301.00 321.00 OK
r-patched-linux-x86_64 0.1.0 5.50 206.04 211.54 OK
r-patched-solaris-x86 0.1.0 393.80 NOTE
r-release-linux-x86_64 0.1.0 5.97 206.78 212.75 OK
r-release-windows-ix86+x86_64 0.1.0 12.00 248.00 260.00 OK
r-release-osx-x86_64 0.1.0 NOTE
r-oldrel-windows-ix86+x86_64 0.1.0 9.00 304.00 313.00 OK
r-oldrel-osx-x86_64 0.1.0 NOTE

Check Details

Version: 0.1.0
Check: dependencies in R code
Result: NOTE
    Namespace in Imports field not imported from: ‘grid’
     All declared Imports should be used.
Flavors: r-devel-linux-x86_64-fedora-clang, r-devel-linux-x86_64-fedora-gcc, r-patched-solaris-x86, r-release-osx-x86_64, r-oldrel-osx-x86_64