CRAN Package Check Results for Package footBayes

Last updated on 2022-11-30 10:51:38 CET.

Flavor Version Tinstall Tcheck Ttotal Status Flags
r-devel-linux-x86_64-debian-clang 0.1.0 22.96 181.74 204.70 OK
r-devel-linux-x86_64-debian-gcc 0.1.0 15.38 134.12 149.50 OK
r-devel-linux-x86_64-fedora-clang 0.1.0 260.01 NOTE
r-devel-linux-x86_64-fedora-gcc 0.1.0 250.85 NOTE
r-devel-windows-x86_64 0.1.0 32.00 211.00 243.00 OK
r-patched-linux-x86_64 0.1.0 19.54 172.11 191.65 OK
r-release-linux-x86_64 0.1.0 21.24 170.42 191.66 OK
r-release-macos-arm64 0.1.0 66.00 NOTE
r-release-macos-x86_64 0.1.0 112.00 NOTE
r-release-windows-x86_64 0.1.0 32.00 209.00 241.00 OK
r-oldrel-macos-arm64 0.1.0 56.00 NOTE
r-oldrel-macos-x86_64 0.1.0 84.00 NOTE
r-oldrel-windows-ix86+x86_64 0.1.0 46.00 196.00 242.00 OK

Check Details

Version: 0.1.0
Check: dependencies in R code
Result: NOTE
    Namespace in Imports field not imported from: ‘tidyverse’
     All declared Imports should be used.
Flavors: r-devel-linux-x86_64-fedora-clang, r-devel-linux-x86_64-fedora-gcc, r-release-macos-arm64, r-release-macos-x86_64, r-oldrel-macos-arm64, r-oldrel-macos-x86_64