CRAN Package Check Results for Package footprint

Last updated on 2021-05-16 19:49:33 CEST.

Flavor Version Tinstall Tcheck Ttotal Status Flags
r-devel-linux-x86_64-debian-clang 0.1 3.91 48.01 51.92 NOTE
r-devel-linux-x86_64-debian-gcc 0.1 3.15 36.41 39.56 NOTE
r-devel-linux-x86_64-fedora-clang 0.1 70.21 NOTE
r-devel-linux-x86_64-fedora-gcc 0.1 60.04 NOTE
r-devel-windows-ix86+x86_64 0.1 12.00 63.00 75.00 NOTE
r-devel-windows-x86_64-gcc10-UCRT 0.1 NOTE
r-patched-linux-x86_64 0.1 3.44 44.78 48.22 NOTE
r-patched-solaris-x86 0.1 86.90 NOTE
r-release-linux-x86_64 0.1 3.56 44.32 47.88 OK
r-release-macos-x86_64 0.1 OK
r-release-windows-ix86+x86_64 0.1 8.00 49.00 57.00 OK
r-oldrel-macos-x86_64 0.1 OK
r-oldrel-windows-ix86+x86_64 0.1 7.00 65.00 72.00 OK

Check Details

Version: 0.1
Check: LazyData
Result: NOTE
     'LazyData' is specified without a 'data' directory
Flavors: r-devel-linux-x86_64-debian-clang, r-devel-linux-x86_64-debian-gcc, r-devel-linux-x86_64-fedora-clang, r-devel-linux-x86_64-fedora-gcc, r-devel-windows-ix86+x86_64, r-devel-windows-x86_64-gcc10-UCRT, r-patched-linux-x86_64, r-patched-solaris-x86