CRAN Package Check Results for Package footprint

Last updated on 2024-07-18 15:49:01 CEST.

Flavor Version Tinstall Tcheck Ttotal Status Flags
r-devel-linux-x86_64-debian-clang 0.1 5.63 50.89 56.52 NOTE
r-devel-linux-x86_64-debian-gcc 0.1 3.81 37.58 41.39 NOTE
r-devel-linux-x86_64-fedora-clang 0.1 74.32 NOTE
r-devel-linux-x86_64-fedora-gcc 0.1 77.07 NOTE
r-devel-windows-x86_64 0.1 6.00 59.00 65.00 NOTE
r-patched-linux-x86_64 0.1 2.98 47.14 50.12 NOTE
r-release-linux-x86_64 0.1 4.96 48.43 53.39 NOTE
r-release-macos-arm64 0.1 29.00 NOTE
r-release-macos-x86_64 0.1 45.00 NOTE
r-release-windows-x86_64 0.1 5.00 59.00 64.00 NOTE
r-oldrel-macos-arm64 0.1 30.00 NOTE
r-oldrel-macos-x86_64 0.1 44.00 NOTE
r-oldrel-windows-x86_64 0.1 6.00 63.00 69.00 NOTE

Check Details

Version: 0.1
Check: LazyData
Result: NOTE 'LazyData' is specified without a 'data' directory Flavors: r-devel-linux-x86_64-debian-clang, r-devel-linux-x86_64-debian-gcc, r-devel-linux-x86_64-fedora-clang, r-devel-linux-x86_64-fedora-gcc, r-devel-windows-x86_64, r-patched-linux-x86_64, r-release-linux-x86_64, r-release-macos-arm64, r-release-macos-x86_64, r-release-windows-x86_64, r-oldrel-macos-arm64, r-oldrel-macos-x86_64, r-oldrel-windows-x86_64