CRAN Package Check Results for Package foreach

Last updated on 2017-12-18 18:47:12 CET.

Flavor Version Tinstall Tcheck Ttotal Status Flags
r-devel-linux-x86_64-debian-clang 1.4.4 0.77 26.60 27.37 OK
r-devel-linux-x86_64-debian-gcc 1.4.4 0.67 24.39 25.06 OK
r-devel-linux-x86_64-fedora-clang 1.4.4 36.60 OK
r-devel-linux-x86_64-fedora-gcc 1.4.4 35.22 OK
r-devel-windows-ix86+x86_64 1.4.4 3.00 112.00 115.00 NOTE
r-patched-linux-x86_64 1.4.4 0.88 27.38 28.26 OK
r-patched-solaris-x86 1.4.4 46.00 OK
r-release-linux-x86_64 1.4.4 0.99 27.40 28.39 OK
r-release-windows-ix86+x86_64 1.4.4 4.00 133.00 137.00 NOTE
r-release-osx-x86_64 1.4.4 OK
r-oldrel-windows-ix86+x86_64 1.4.4 4.00 123.00 127.00 NOTE
r-oldrel-osx-x86_64 1.4.4 OK

Check Details

Version: 1.4.4
Check: package dependencies
Result: NOTE
    Package which this enhances but not available for checking: 'doMC'
Flavors: r-devel-windows-ix86+x86_64, r-release-windows-ix86+x86_64, r-oldrel-windows-ix86+x86_64