CRAN Package Check Results for Package foreach

Last updated on 2019-05-23 19:47:35 CEST.

Flavor Version Tinstall Tcheck Ttotal Status Flags
r-devel-linux-x86_64-debian-clang 1.4.4 2.32 38.87 41.19 OK
r-devel-linux-x86_64-debian-gcc 1.4.4 2.00 30.90 32.90 OK
r-devel-linux-x86_64-fedora-clang 1.4.4 49.66 OK
r-devel-linux-x86_64-fedora-gcc 1.4.4 47.42 OK
r-devel-windows-ix86+x86_64 1.4.4 5.00 130.00 135.00 NOTE
r-patched-linux-x86_64 1.4.4 2.04 38.60 40.64 OK
r-patched-solaris-x86 1.4.4 57.70 OK
r-release-linux-x86_64 1.4.4 2.26 38.24 40.50 OK
r-release-windows-ix86+x86_64 1.4.4 10.00 115.00 125.00 NOTE
r-release-osx-x86_64 1.4.4 OK
r-oldrel-windows-ix86+x86_64 1.4.4 5.00 115.00 120.00 NOTE
r-oldrel-osx-x86_64 1.4.4 OK

Check Details

Version: 1.4.4
Check: package dependencies
Result: NOTE
    Package which this enhances but not available for checking: 'doMC'
Flavors: r-devel-windows-ix86+x86_64, r-release-windows-ix86+x86_64, r-oldrel-windows-ix86+x86_64