CRAN Package Check Results for Package foreach

Last updated on 2017-09-24 15:49:38.

Flavor Version Tinstall Tcheck Ttotal Status Flags
r-devel-linux-x86_64-debian-clang 1.4.3 0.80 79.52 80.32 OK
r-devel-linux-x86_64-debian-gcc 1.4.3 0.85 79.45 80.30 OK
r-devel-linux-x86_64-fedora-clang 1.4.3 35.44 OK
r-devel-linux-x86_64-fedora-gcc 1.4.3 34.81 OK
r-devel-windows-ix86+x86_64 1.4.3 4.00 104.00 108.00 NOTE
r-patched-linux-x86_64 1.4.3 0.74 79.25 79.99 OK
r-patched-solaris-x86 1.4.3 44.60 OK
r-release-linux-x86_64 1.4.3 1.58 79.76 81.33 OK
r-release-windows-ix86+x86_64 1.4.3 5.00 108.00 113.00 NOTE
r-release-osx-x86_64 1.4.3 OK
r-oldrel-windows-ix86+x86_64 1.4.3 4.00 129.00 133.00 NOTE
r-oldrel-osx-x86_64 1.4.3 OK

Check Details

Version: 1.4.3
Check: package dependencies
Result: NOTE
    Package which this enhances but not available for checking: 'doMC'
Flavors: r-devel-windows-ix86+x86_64, r-release-windows-ix86+x86_64, r-oldrel-windows-ix86+x86_64