CRAN Package Check Results for Package foreach

Last updated on 2020-08-06 08:48:46 CEST.

Flavor Version Tinstall Tcheck Ttotal Status Flags
r-devel-linux-x86_64-debian-clang 1.5.0 2.52 51.51 54.03 OK
r-devel-linux-x86_64-debian-gcc 1.5.0 2.06 39.10 41.16 OK
r-devel-linux-x86_64-fedora-clang 1.5.0 70.52 OK
r-devel-linux-x86_64-fedora-gcc 1.5.0 63.74 OK
r-devel-windows-ix86+x86_64 1.5.0 10.00 142.00 152.00 NOTE
r-patched-linux-x86_64 1.5.0 2.57 50.26 52.83 OK
r-patched-solaris-x86 1.5.0 98.00 OK
r-release-linux-x86_64 1.5.0 3.11 50.99 54.10 OK
r-release-macos-x86_64 1.5.0 OK
r-release-windows-ix86+x86_64 1.5.0 10.00 165.00 175.00 NOTE
r-oldrel-macos-x86_64 1.5.0 OK
r-oldrel-windows-ix86+x86_64 1.5.0 6.00 135.00 141.00 NOTE

Check Details

Version: 1.5.0
Check: package dependencies
Result: NOTE
    Package suggested but not available for checking: 'doMC'
Flavors: r-devel-windows-ix86+x86_64, r-release-windows-ix86+x86_64, r-oldrel-windows-ix86+x86_64