CRAN Package Check Results for Package foreach

Last updated on 2018-12-12 15:48:08 CET.

Flavor Version Tinstall Tcheck Ttotal Status Flags
r-devel-linux-x86_64-debian-clang 1.4.4 1.58 29.63 31.21 OK
r-devel-linux-x86_64-debian-gcc 1.4.4 1.01 23.83 24.84 OK
r-devel-linux-x86_64-fedora-clang 1.4.4 38.91 OK
r-devel-linux-x86_64-fedora-gcc 1.4.4 36.34 OK
r-devel-windows-ix86+x86_64 1.4.4 5.00 116.00 121.00 NOTE
r-patched-linux-x86_64 1.4.4 1.63 27.58 29.21 OK
r-patched-solaris-x86 1.4.4 54.60 OK
r-release-linux-x86_64 1.4.4 1.67 27.96 29.63 OK
r-release-windows-ix86+x86_64 1.4.4 6.00 109.00 115.00 NOTE
r-release-osx-x86_64 1.4.4 OK
r-oldrel-windows-ix86+x86_64 1.4.4 4.00 133.00 137.00 NOTE
r-oldrel-osx-x86_64 1.4.4 OK

Check Details

Version: 1.4.4
Check: package dependencies
Result: NOTE
    Package which this enhances but not available for checking: 'doMC'
Flavors: r-devel-windows-ix86+x86_64, r-release-windows-ix86+x86_64, r-oldrel-windows-ix86+x86_64