CRAN Package Check Results for Package foreach

Last updated on 2020-04-07 19:48:03 CEST.

Flavor Version Tinstall Tcheck Ttotal Status Flags
r-devel-linux-x86_64-debian-clang 1.5.0 2.91 51.71 54.62 OK
r-devel-linux-x86_64-debian-gcc 1.5.0 2.30 39.69 41.99 OK
r-devel-linux-x86_64-fedora-clang 1.5.0 65.33 OK
r-devel-linux-x86_64-fedora-gcc 1.5.0 63.79 OK
r-devel-windows-ix86+x86_64 1.5.0 8.00 160.00 168.00 NOTE
r-devel-windows-ix86+x86_64-gcc8 1.4.8 8.00 145.00 153.00 NOTE
r-patched-linux-x86_64 1.5.0 2.50 50.61 53.11 OK
r-patched-solaris-x86 1.5.0 89.90 OK
r-release-linux-x86_64 1.5.0 2.43 46.44 48.87 OK
r-release-windows-ix86+x86_64 1.5.0 6.00 149.00 155.00 NOTE
r-release-osx-x86_64 1.5.0 OK
r-oldrel-windows-ix86+x86_64 1.5.0 7.00 169.00 176.00 NOTE
r-oldrel-osx-x86_64 1.4.8 OK

Check Details

Version: 1.5.0
Check: package dependencies
Result: NOTE
    Package suggested but not available for checking: 'doMC'
Flavors: r-devel-windows-ix86+x86_64, r-release-windows-ix86+x86_64, r-oldrel-windows-ix86+x86_64

Version: 1.4.8
Check: package dependencies
Result: NOTE
    Package suggested but not available for checking: 'doMC'
Flavor: r-devel-windows-ix86+x86_64-gcc8