CRAN Package Check Results for Package foreach

Last updated on 2019-03-25 04:52:02 CET.

Flavor Version Tinstall Tcheck Ttotal Status Flags
r-devel-linux-x86_64-debian-clang 1.4.4 2.37 39.33 41.70 OK
r-devel-linux-x86_64-debian-gcc 1.4.4 1.78 30.50 32.28 OK
r-devel-linux-x86_64-fedora-clang 1.4.4 52.99 OK
r-devel-linux-x86_64-fedora-gcc 1.4.4 47.08 OK
r-devel-windows-ix86+x86_64 1.4.4 9.00 136.00 145.00 NOTE
r-patched-linux-x86_64 1.4.4 2.01 37.89 39.90 OK
r-patched-solaris-x86 1.4.4 54.20 OK
r-release-linux-x86_64 1.4.4 1.35 37.22 38.57 OK
r-release-windows-ix86+x86_64 1.4.4 3.00 142.00 145.00 NOTE
r-release-osx-x86_64 1.4.4 OK
r-oldrel-windows-ix86+x86_64 1.4.4 4.00 144.00 148.00 NOTE
r-oldrel-osx-x86_64 1.4.4 OK

Check Details

Version: 1.4.4
Check: package dependencies
Result: NOTE
    Package which this enhances but not available for checking: 'doMC'
Flavors: r-devel-windows-ix86+x86_64, r-release-windows-ix86+x86_64, r-oldrel-windows-ix86+x86_64