CRAN Package Check Results for Package foreach

Last updated on 2021-10-28 00:48:45 CEST.

Flavor Version Tinstall Tcheck Ttotal Status Flags
r-devel-linux-x86_64-debian-clang 1.5.1 3.38 50.48 53.86 OK
r-devel-linux-x86_64-debian-gcc 1.5.1 2.17 38.88 41.05 OK
r-devel-linux-x86_64-fedora-clang 1.5.1 73.21 OK
r-devel-linux-x86_64-fedora-gcc 1.5.1 65.07 OK
r-devel-windows-x86_64 1.5.1 5.00 154.00 159.00 NOTE
r-devel-windows-x86_64-gcc10-UCRT 1.5.1 NOTE
r-patched-linux-x86_64 1.5.1 3.04 49.83 52.87 OK
r-patched-solaris-x86 1.5.1 100.50 OK
r-release-linux-x86_64 1.5.1 2.70 50.25 52.95 OK
r-release-macos-arm64 1.5.1 OK
r-release-macos-x86_64 1.5.1 OK
r-release-windows-ix86+x86_64 1.5.1 5.00 154.00 159.00 NOTE
r-oldrel-macos-x86_64 1.5.1 OK
r-oldrel-windows-ix86+x86_64 1.5.1 5.00 153.00 158.00 NOTE

Check Details

Version: 1.5.1
Check: package dependencies
Result: NOTE
    Package suggested but not available for checking: 'doMC'
Flavors: r-devel-windows-x86_64, r-devel-windows-x86_64-gcc10-UCRT, r-release-windows-ix86+x86_64, r-oldrel-windows-ix86+x86_64