Last updated on 2022-05-24 06:50:41 CEST.
Flavor | Version | Tinstall | Tcheck | Ttotal | Status | Flags |
---|---|---|---|---|---|---|
r-devel-linux-x86_64-debian-clang | 2.2 | 7.83 | 94.22 | 102.05 | NOTE | |
r-devel-linux-x86_64-debian-gcc | 2.2 | 6.71 | 68.35 | 75.06 | NOTE | |
r-devel-linux-x86_64-fedora-clang | 2.2 | 117.45 | NOTE | |||
r-devel-linux-x86_64-fedora-gcc | 2.2 | 115.72 | NOTE | |||
r-devel-windows-x86_64 | 2.2 | 17.00 | 101.00 | 118.00 | NOTE | |
r-patched-linux-x86_64 | 2.2 | 6.75 | 86.61 | 93.36 | NOTE | |
r-release-linux-x86_64 | 2.2 | NOTE | ||||
r-release-macos-arm64 | 2.2 | 33.00 | NOTE | |||
r-release-macos-x86_64 | 2.2 | 58.00 | NOTE | |||
r-release-windows-x86_64 | 2.2 | 18.00 | 103.00 | 121.00 | NOTE | |
r-oldrel-macos-arm64 | 2.2 | 39.00 | NOTE | |||
r-oldrel-macos-x86_64 | 2.2 | 56.00 | NOTE | |||
r-oldrel-windows-ix86+x86_64 | 2.2 | 22.00 | 95.00 | 117.00 | NOTE |
Version: 2.2
Check: DESCRIPTION meta-information
Result: NOTE
BugReports field is not a suitable URL but contains an email address:
use the Contact field instead
Flavors: r-devel-linux-x86_64-debian-clang, r-devel-linux-x86_64-debian-gcc, r-devel-linux-x86_64-fedora-clang, r-devel-linux-x86_64-fedora-gcc, r-devel-windows-x86_64, r-patched-linux-x86_64, r-release-linux-x86_64, r-release-macos-arm64, r-release-macos-x86_64, r-release-windows-x86_64, r-oldrel-macos-arm64, r-oldrel-macos-x86_64, r-oldrel-windows-ix86+x86_64