CRAN Package Check Results for Package forecast

Last updated on 2022-01-16 21:48:21 CET.

Flavor Version Tinstall Tcheck Ttotal Status Flags
r-devel-linux-x86_64-debian-clang 8.16 125.84 390.58 516.42 OK
r-devel-linux-x86_64-debian-gcc 8.16 100.32 283.67 383.99 OK
r-devel-linux-x86_64-fedora-clang 8.16 659.68 OK
r-devel-linux-x86_64-fedora-gcc 8.16 632.17 OK
r-devel-windows-x86_64-new-UL 8.16 312.00 446.00 758.00 OK
r-devel-windows-x86_64-new-TK 8.16 OK
r-patched-linux-x86_64 8.16 126.09 375.72 501.81 OK
r-release-linux-x86_64 8.16 OK
r-release-macos-arm64 8.16 NOTE
r-release-macos-x86_64 8.16 OK
r-release-windows-ix86+x86_64 8.16 263.00 692.00 955.00 OK
r-oldrel-macos-x86_64 8.15 OK
r-oldrel-windows-ix86+x86_64 8.16 270.00 685.00 955.00 OK

Check Details

Version: 8.16
Check: installed package size
Result: NOTE
     installed size is 5.9Mb
     sub-directories of 1Mb or more:
     libs 4.3Mb
Flavor: r-release-macos-arm64