CRAN Package Check Results for Package forecast

Last updated on 2020-09-21 11:07:39 CEST.

Flavor Version Tinstall Tcheck Ttotal Status Flags
r-devel-linux-x86_64-debian-clang 8.13 127.96 359.52 487.48 OK
r-devel-linux-x86_64-debian-gcc 8.13 97.60 256.63 354.23 OK
r-devel-linux-x86_64-fedora-clang 8.13 615.90 NOTE
r-devel-windows-ix86+x86_64 8.13 299.00 660.00 959.00 OK
r-patched-linux-x86_64 8.13 107.15 351.88 459.03 OK
r-patched-solaris-x86 8.13 646.30 OK
r-release-linux-x86_64 8.13 110.57 349.42 459.99 OK
r-release-macos-x86_64 8.13 OK
r-release-windows-ix86+x86_64 8.13 286.00 762.00 1048.00 OK
r-oldrel-macos-x86_64 8.13 OK
r-oldrel-windows-ix86+x86_64 8.13 196.00 720.00 916.00 OK

Check Details

Version: 8.13
Check: installed package size
Result: NOTE
     installed size is 6.2Mb
     sub-directories of 1Mb or more:
     libs 4.4Mb
Flavor: r-devel-linux-x86_64-fedora-clang