CRAN Package Check Results for Package forecast

Last updated on 2021-06-17 21:52:42 CEST.

Flavor Version Tinstall Tcheck Ttotal Status Flags
r-devel-linux-x86_64-debian-clang 8.15 137.54 385.31 522.85 OK
r-devel-linux-x86_64-debian-gcc 8.15 91.57 271.46 363.03 OK
r-devel-linux-x86_64-fedora-clang 8.15 637.24 NOTE
r-devel-linux-x86_64-fedora-gcc 8.15 563.42 OK
r-devel-windows-x86_64 8.15 172.00 442.00 614.00 OK
r-devel-windows-x86_64-gcc10-UCRT 8.15 OK
r-patched-linux-x86_64 8.15 118.63 366.27 484.90 OK
r-patched-solaris-x86 8.15 675.00 NOTE
r-release-linux-x86_64 8.15 111.23 363.80 475.03 OK
r-release-macos-arm64 8.14 NOTE
r-release-macos-x86_64 8.15 OK
r-release-windows-ix86+x86_64 8.15 299.00 770.00 1069.00 OK
r-oldrel-macos-x86_64 8.15 OK
r-oldrel-windows-ix86+x86_64 8.15 230.00 785.00 1015.00 OK

Check Details

Version: 8.15
Check: installed package size
Result: NOTE
     installed size is 5.2Mb
     sub-directories of 1Mb or more:
     libs 3.6Mb
Flavor: r-devel-linux-x86_64-fedora-clang

Version: 8.15
Check: package dependencies
Result: NOTE
    Package suggested but not available for checking: ‘seasonal’
Flavor: r-patched-solaris-x86

Version: 8.14
Check: installed package size
Result: NOTE
     installed size is 5.8Mb
     sub-directories of 1Mb or more:
     libs 4.1Mb
Flavor: r-release-macos-arm64