CRAN Package Check Results for Package forecast

Last updated on 2022-11-26 14:53:41 CET.

Flavor Version Tinstall Tcheck Ttotal Status Flags
r-devel-linux-x86_64-debian-clang 8.19 128.24 418.57 546.81 OK
r-devel-linux-x86_64-debian-gcc 8.19 104.35 295.98 400.33 OK
r-devel-linux-x86_64-fedora-clang 8.19 703.63 OK
r-devel-linux-x86_64-fedora-gcc 8.19 600.39 OK
r-devel-windows-x86_64 8.19 192.00 467.00 659.00 OK
r-patched-linux-x86_64 8.19 OK
r-release-linux-x86_64 8.19 119.68 388.17 507.85 OK
r-release-macos-arm64 8.19 150.00 NOTE
r-release-macos-x86_64 8.19 198.00 OK
r-release-windows-x86_64 8.18 194.00 453.00 647.00 OK
r-oldrel-macos-arm64 8.19 145.00 NOTE
r-oldrel-macos-x86_64 8.19 198.00 OK
r-oldrel-windows-ix86+x86_64 8.19 258.00 724.00 982.00 OK

Check Details

Version: 8.19
Check: installed package size
Result: NOTE
     installed size is 5.3Mb
     sub-directories of 1Mb or more:
     libs 3.7Mb
Flavors: r-release-macos-arm64, r-oldrel-macos-arm64