CRAN Package Check Results for Package forecast

Last updated on 2020-01-26 17:49:42 CET.

Flavor Version Tinstall Tcheck Ttotal Status Flags
r-devel-linux-x86_64-debian-clang 8.10 120.89 354.55 475.44 NOTE
r-devel-linux-x86_64-debian-gcc 8.10 84.90 257.73 342.63 NOTE
r-devel-linux-x86_64-fedora-clang 8.10 574.57 NOTE
r-devel-linux-x86_64-fedora-gcc 8.10 569.02 OK
r-devel-windows-ix86+x86_64 8.10 295.00 821.00 1116.00 OK
r-devel-windows-ix86+x86_64-gcc8 8.10 317.00 711.00 1028.00 OK
r-patched-linux-x86_64 8.10 104.05 317.13 421.18 NOTE
r-patched-solaris-x86 8.10 611.50 OK
r-release-linux-x86_64 8.10 93.46 316.22 409.68 NOTE
r-release-windows-ix86+x86_64 8.10 209.00 581.00 790.00 OK
r-release-osx-x86_64 8.10 OK
r-oldrel-windows-ix86+x86_64 8.10 198.00 601.00 799.00 OK
r-oldrel-osx-x86_64 8.10 OK

Check Details

Version: 8.10
Check: R code for possible problems
Result: NOTE
    Registered S3 methods overwritten by 'forecast':
     method from
     fitted.fracdiff fracdiff
     residuals.fracdiff fracdiff
Flavors: r-devel-linux-x86_64-debian-clang, r-devel-linux-x86_64-debian-gcc, r-devel-linux-x86_64-fedora-clang, r-patched-linux-x86_64, r-release-linux-x86_64

Version: 8.10
Check: installed package size
Result: NOTE
     installed size is 5.2Mb
     sub-directories of 1Mb or more:
     libs 3.4Mb
Flavor: r-devel-linux-x86_64-fedora-clang