CRAN Package Check Results for Package forecast

Last updated on 2020-11-25 11:49:06 CET.

Flavor Version Tinstall Tcheck Ttotal Status Flags
r-devel-linux-x86_64-debian-clang 8.13 129.14 365.34 494.48 OK
r-devel-linux-x86_64-debian-gcc 8.13 150.37 260.71 411.08 OK
r-devel-linux-x86_64-fedora-clang 8.13 622.50 NOTE
r-devel-linux-x86_64-fedora-gcc 8.13 602.25 OK
r-devel-windows-ix86+x86_64 8.13 288.00 775.00 1063.00 OK
r-patched-linux-x86_64 8.13 177.76 341.40 519.16 OK
r-patched-solaris-x86 8.13 655.00 OK
r-release-linux-x86_64 8.13 179.23 347.47 526.70 OK
r-release-macos-x86_64 8.13 OK
r-release-windows-ix86+x86_64 8.13 296.00 769.00 1065.00 OK
r-oldrel-macos-x86_64 8.13 OK
r-oldrel-windows-ix86+x86_64 8.13 188.00 562.00 750.00 OK

Check Details

Version: 8.13
Check: installed package size
Result: NOTE
     installed size is 6.1Mb
     sub-directories of 1Mb or more:
     libs 4.3Mb
Flavor: r-devel-linux-x86_64-fedora-clang