CRAN Package Check Results for Package forecast

Last updated on 2021-04-10 19:49:36 CEST.

Flavor Version Tinstall Tcheck Ttotal Status Flags
r-devel-linux-x86_64-debian-clang 8.14 140.98 383.26 524.24 OK
r-devel-linux-x86_64-debian-gcc 8.14 90.55 270.77 361.32 OK
r-devel-linux-x86_64-fedora-clang 8.14 639.99 NOTE
r-devel-linux-x86_64-fedora-gcc 8.14 607.15 OK
r-devel-windows-ix86+x86_64 8.14 223.00 619.00 842.00 OK
r-devel-windows-x86_64-gcc10-UCRT 8.14 OK
r-patched-linux-x86_64 8.14 106.18 354.61 460.79 OK
r-patched-solaris-x86 8.14 686.80 NOTE
r-release-linux-x86_64 8.14 105.30 350.30 455.60 OK
r-release-macos-x86_64 8.14 OK
r-release-windows-ix86+x86_64 8.14 286.00 793.00 1079.00 OK
r-oldrel-macos-x86_64 8.14 OK
r-oldrel-windows-ix86+x86_64 8.14 260.00 729.00 989.00 OK

Check Details

Version: 8.14
Check: installed package size
Result: NOTE
     installed size is 5.9Mb
     sub-directories of 1Mb or more:
     libs 4.3Mb
Flavor: r-devel-linux-x86_64-fedora-clang

Version: 8.14
Check: package dependencies
Result: NOTE
    Package suggested but not available for checking: ‘seasonal’
Flavor: r-patched-solaris-x86