Last updated on 2023-10-01 12:58:38 CEST.
Flavor | Version | Tinstall | Tcheck | Ttotal | Status | Flags |
---|---|---|---|---|---|---|
r-devel-linux-x86_64-debian-clang | 8.21.1 | 143.05 | 413.98 | 557.03 | OK | |
r-devel-linux-x86_64-debian-gcc | 8.21.1 | 95.25 | 293.81 | 389.06 | OK | |
r-devel-linux-x86_64-fedora-clang | 8.21.1 | 711.23 | OK | |||
r-devel-linux-x86_64-fedora-gcc | 8.21.1 | 511.32 | OK | |||
r-devel-windows-x86_64 | 8.21.1 | 113.00 | 353.00 | 466.00 | OK | |
r-patched-linux-x86_64 | 8.21.1 | 131.16 | 399.60 | 530.76 | OK | |
r-release-linux-x86_64 | 8.21.1 | 136.70 | 400.91 | 537.61 | OK | |
r-release-macos-arm64 | 8.21.1 | 162.00 | NOTE | |||
r-release-macos-x86_64 | 8.21.1 | 345.00 | NOTE | |||
r-release-windows-x86_64 | 8.21.1 | 148.00 | 411.00 | 559.00 | OK | |
r-oldrel-macos-arm64 | 8.21.1 | 136.00 | NOTE | |||
r-oldrel-macos-x86_64 | 8.21.1 | 209.00 | OK | |||
r-oldrel-windows-x86_64 | 8.21.1 | 134.00 | 390.00 | 524.00 | OK |
Version: 8.21.1
Check: installed package size
Result: NOTE
installed size is 5.0Mb
sub-directories of 1Mb or more:
libs 3.4Mb
Flavors: r-release-macos-arm64, r-release-macos-x86_64, r-oldrel-macos-arm64