CRAN Package Check Results for Package forecast

Last updated on 2021-09-25 10:51:32 CEST.

Flavor Version Tinstall Tcheck Ttotal Status Flags
r-devel-linux-x86_64-debian-clang 8.15 135.13 387.18 522.31 OK
r-devel-linux-x86_64-debian-gcc 8.15 91.49 269.94 361.43 OK
r-devel-linux-x86_64-fedora-clang 8.15 667.72 OK
r-devel-linux-x86_64-fedora-gcc 8.15 616.16 OK
r-devel-windows-x86_64 8.15 128.00 327.00 455.00 OK
r-devel-windows-x86_64-gcc10-UCRT 8.15 OK
r-patched-linux-x86_64 8.15 115.51 363.64 479.15 OK
r-patched-solaris-x86 8.15 639.20 NOTE
r-release-linux-x86_64 8.15 109.13 362.08 471.21 OK
r-release-macos-arm64 8.15 NOTE
r-release-macos-x86_64 8.15 OK
r-release-windows-ix86+x86_64 8.15 295.00 605.00 900.00 OK
r-oldrel-macos-x86_64 8.15 OK
r-oldrel-windows-ix86+x86_64 8.15 221.00 598.00 819.00 OK

Check Details

Version: 8.15
Check: package dependencies
Result: NOTE
    Package suggested but not available for checking: ‘seasonal’
Flavor: r-patched-solaris-x86

Version: 8.15
Check: installed package size
Result: NOTE
     installed size is 5.8Mb
     sub-directories of 1Mb or more:
     libs 4.2Mb
Flavor: r-release-macos-arm64