Last updated on 2023-06-04 21:58:21 CEST.
Flavor | Version | Tinstall | Tcheck | Ttotal | Status | Flags |
---|---|---|---|---|---|---|
r-devel-linux-x86_64-debian-clang | 0.9.0 | 13.06 | 558.41 | 571.47 | OK | |
r-devel-linux-x86_64-debian-gcc | 0.9.0 | 11.01 | 443.71 | 454.72 | OK | |
r-devel-linux-x86_64-fedora-clang | 0.9.0 | 687.05 | NOTE | |||
r-devel-linux-x86_64-fedora-gcc | 0.9.0 | 645.08 | NOTE | |||
r-devel-windows-x86_64 | 0.9.0 | 13.00 | 335.00 | 348.00 | OK | |
r-patched-linux-x86_64 | 0.9.0 | 11.65 | 544.50 | 556.15 | OK | |
r-release-linux-x86_64 | 0.9.0 | 12.78 | 537.92 | 550.70 | OK | |
r-release-macos-arm64 | 0.9.0 | 221.00 | OK | |||
r-release-macos-x86_64 | 0.9.0 | 346.00 | OK | |||
r-release-windows-x86_64 | 0.9.0 | 15.00 | 412.00 | 427.00 | OK | |
r-oldrel-macos-arm64 | 0.9.0 | 205.00 | NOTE | |||
r-oldrel-macos-x86_64 | 0.9.0 | 383.00 | NOTE | |||
r-oldrel-windows-x86_64 | 0.9.0 | 16.00 | 417.00 | 433.00 | OK |
Version: 0.9.0
Check: dependencies in R code
Result: NOTE
Namespace in Imports field not imported from: ‘dtplyr’
All declared Imports should be used.
Flavors: r-devel-linux-x86_64-fedora-clang, r-devel-linux-x86_64-fedora-gcc, r-oldrel-macos-arm64, r-oldrel-macos-x86_64